Last updated on 2025-05-01 14:49:23 CEST.
Flavor | Version | Tinstall | Tcheck | Ttotal | Status | Flags |
---|---|---|---|---|---|---|
r-devel-linux-x86_64-debian-clang | 1.7.0 | 21.58 | 76.21 | 97.79 | OK | |
r-devel-linux-x86_64-debian-gcc | 1.7.0 | 17.01 | 52.34 | 69.35 | OK | |
r-devel-linux-x86_64-fedora-clang | 1.7.0 | 158.22 | OK | |||
r-devel-linux-x86_64-fedora-gcc | 1.7.0 | 155.31 | OK | |||
r-devel-windows-x86_64 | 1.7.0 | 24.00 | 93.00 | 117.00 | OK | |
r-patched-linux-x86_64 | 1.7.0 | 21.01 | 71.70 | 92.71 | OK | |
r-release-linux-x86_64 | OK | |||||
r-release-macos-arm64 | 1.7.0 | 5.00 | ERROR | |||
r-release-macos-x86_64 | 1.7.0 | 6.00 | ERROR | |||
r-release-windows-x86_64 | 1.7.0 | 25.00 | 93.00 | 118.00 | OK | |
r-oldrel-macos-arm64 | 1.7.0 | 58.00 | OK | |||
r-oldrel-macos-x86_64 | 1.7.0 | 90.00 | OK | |||
r-oldrel-windows-x86_64 | 1.7.0 | 29.00 | 111.00 | 140.00 | OK |
Version: 1.7.0
Check: package dependencies
Result: ERROR
Package required but not available: ‘pathview’
See section ‘The DESCRIPTION file’ in the ‘Writing R Extensions’
manual.
Flavors: r-release-macos-arm64, r-release-macos-x86_64
These binaries (installable software) and packages are in development.
They may not be fully stable and should be used with caution. We make no claims about them.