CRAN Package Check Results for Package SSM

Last updated on 2025-02-16 10:51:00 CET.

Flavor Version Tinstall Tcheck Ttotal Status Flags
r-devel-linux-x86_64-debian-clang 1.0.1 4.08 37.69 41.77 NOTE
r-devel-linux-x86_64-debian-gcc 1.0.1 2.75 29.30 32.05 NOTE
r-devel-linux-x86_64-fedora-clang 1.0.1 70.11 NOTE
r-devel-linux-x86_64-fedora-gcc 1.0.1 77.98 NOTE
r-devel-macos-arm64 1.0.1 28.00 NOTE
r-devel-macos-x86_64 1.0.1 48.00 NOTE
r-devel-windows-x86_64 1.0.1 6.00 61.00 67.00 NOTE
r-patched-linux-x86_64 1.0.1 4.17 36.13 40.30 NOTE
r-release-linux-x86_64 1.0.1 3.45 36.02 39.47 NOTE
r-release-macos-arm64 1.0.1 27.00 NOTE
r-release-macos-x86_64 1.0.1 41.00 NOTE
r-release-windows-x86_64 1.0.1 5.00 60.00 65.00 NOTE
r-oldrel-macos-arm64 1.0.1 29.00 NOTE
r-oldrel-macos-x86_64 1.0.1 44.00 NOTE
r-oldrel-windows-x86_64 1.0.1 5.00 76.00 81.00 NOTE

Check Details

Version: 1.0.1
Check: Rd files
Result: NOTE checkRd: (-1) new.distance.Rd:30: Lost braces in \itemize; meant \describe ? checkRd: (-1) new.distance.Rd:31-32: Lost braces in \itemize; meant \describe ? checkRd: (-1) new.distance.Rd:33-34: Lost braces in \itemize; meant \describe ? checkRd: (-1) new.distance.Rd:35-36: Lost braces in \itemize; meant \describe ? checkRd: (-1) new.distance.Rd:37-38: Lost braces in \itemize; meant \describe ? checkRd: (-1) new.distance.Rd:39-40: Lost braces in \itemize; meant \describe ? checkRd: (-1) sensitivity.plot.Rd:30-33: Lost braces in \itemize; meant \describe ? checkRd: (-1) sensitivity.plot.Rd:34-35: Lost braces in \itemize; meant \describe ? checkRd: (-1) sensitivity.plot.Rd:36-37: Lost braces in \itemize; meant \describe ? checkRd: (-1) sensitivity.plot.Rd:38-40: Lost braces in \itemize; meant \describe ? Flavors: r-devel-linux-x86_64-debian-clang, r-devel-linux-x86_64-debian-gcc, r-devel-linux-x86_64-fedora-clang, r-devel-linux-x86_64-fedora-gcc, r-devel-macos-arm64, r-devel-macos-x86_64, r-devel-windows-x86_64, r-patched-linux-x86_64, r-release-linux-x86_64, r-release-macos-arm64, r-release-macos-x86_64, r-release-windows-x86_64

Version: 1.0.1
Check: LazyData
Result: NOTE 'LazyData' is specified without a 'data' directory Flavors: r-patched-linux-x86_64, r-release-linux-x86_64, r-release-macos-arm64, r-release-macos-x86_64, r-release-windows-x86_64, r-oldrel-macos-arm64, r-oldrel-macos-x86_64, r-oldrel-windows-x86_64

These binaries (installable software) and packages are in development.
They may not be fully stable and should be used with caution. We make no claims about them.