Last updated on 2025-10-03 17:48:48 CEST.
Flavor | Version | Tinstall | Tcheck | Ttotal | Status | Flags |
---|---|---|---|---|---|---|
r-devel-linux-x86_64-debian-clang | 0.0.3 | 28.52 | 197.41 | 225.93 | NOTE | |
r-devel-linux-x86_64-debian-gcc | 0.0.3 | 18.86 | 148.65 | 167.51 | NOTE | |
r-devel-linux-x86_64-fedora-clang | 0.0.3 | 348.35 | OK | |||
r-devel-linux-x86_64-fedora-gcc | 0.0.3 | 356.64 | OK | |||
r-devel-windows-x86_64 | 0.0.3 | 24.00 | 169.00 | 193.00 | OK | |
r-patched-linux-x86_64 | 0.0.3 | 27.50 | 188.95 | 216.45 | OK | |
r-release-linux-x86_64 | 0.0.3 | 27.42 | 188.45 | 215.87 | OK | |
r-release-macos-arm64 | 0.0.3 | 86.00 | OK | |||
r-release-macos-x86_64 | 0.0.3 | 204.00 | OK | |||
r-release-windows-x86_64 | 0.0.3 | 24.00 | 170.00 | 194.00 | OK | |
r-oldrel-macos-arm64 | 0.0.3 | 86.00 | OK | |||
r-oldrel-macos-x86_64 | 0.0.3 | 144.00 | OK | |||
r-oldrel-windows-x86_64 | 0.0.3 | 31.00 | 220.00 | 251.00 | OK |
Version: 0.0.3
Check: CRAN incoming feasibility
Result: NOTE
Maintainer: ‘Edgar Santos-Fernandez <santosfe@qut.edu.au>’
The Description field contains
<arXiv:2103.03538>. In these models, spatial dependence is captured
Please refer to arXiv e-prints via their arXiv DOI <doi:10.48550/arXiv.YYMM.NNNNN>.
Flavors: r-devel-linux-x86_64-debian-clang, r-devel-linux-x86_64-debian-gcc
These binaries (installable software) and packages are in development.
They may not be fully stable and should be used with caution. We make no claims about them.