Last updated on 2025-04-16 00:49:55 CEST.
Flavor | Version | Tinstall | Tcheck | Ttotal | Status | Flags |
---|---|---|---|---|---|---|
r-devel-linux-x86_64-debian-clang | 2.0.0 | 41.75 | 370.90 | 412.65 | OK | |
r-devel-linux-x86_64-debian-gcc | 2.0.0 | 27.27 | 222.43 | 249.70 | OK | |
r-devel-linux-x86_64-fedora-clang | 2.0.0 | 666.95 | OK | |||
r-devel-linux-x86_64-fedora-gcc | 2.0.0 | 687.62 | ERROR | |||
r-devel-windows-x86_64 | 2.0.0 | 40.00 | 290.00 | 330.00 | OK | |
r-patched-linux-x86_64 | 2.0.0 | 35.43 | 347.67 | 383.10 | OK | |
r-release-linux-x86_64 | 2.0.0 | 39.31 | 344.08 | 383.39 | OK | |
r-release-macos-arm64 | 2.0.0 | 128.00 | OK | |||
r-release-macos-x86_64 | 2.0.0 | 334.00 | OK | |||
r-release-windows-x86_64 | 2.0.0 | 42.00 | 292.00 | 334.00 | OK | |
r-oldrel-macos-arm64 | 2.0.0 | 154.00 | NOTE | |||
r-oldrel-macos-x86_64 | 2.0.0 | 230.00 | NOTE | |||
r-oldrel-windows-x86_64 | 2.0.0 | 61.00 | 406.00 | 467.00 | NOTE |
Version: 2.0.0
Check: tests
Result: ERROR
Running ‘testthat.R’ [59s/120s]
Running the tests in ‘tests/testthat.R’ failed.
Complete output:
> # This file is part of the standard setup for testthat.
> # It is recommended that you do not modify it.
> #
> # Where should you do additional test configuration?
> # Learn more about the roles of various files in:
> # * https://r-pkgs.org/testing-design.html#sec-tests-files-overview
> # * https://testthat.r-lib.org/articles/special-files.html
>
> library(testthat)
> library(SUMMER)
SUMMER version 2.0.0
See latest changes with 'news(package = 'SUMMER')'
>
> test_check("SUMMER")
Starting 2 test processes
[ FAIL 0 | WARN 0 | SKIP 19 | PASS 0 ]
══ Skipped tests (19) ══════════════════════════════════════════════════════════
• On CRAN (19): 'test-diag.R:3:4', 'test-diag.R:40:4', 'test-diag.R:82:2',
'test-diag.R:129:2', 'test-diag.R:177:2', 'test-diag.R:228:2',
'test-getDirect.R:7:5', 'test-getDirect.R:27:5', 'test-smoothCluster.R:7:2',
'test-smoothCluster.R:91:2', 'test-smoothCluster.R:157:2',
'test-smoothDirect.R:7:4', 'test-smoothDirect.R:41:4',
'test-smoothDirect.R:84:4', 'test-smoothSurvey.R:7:4',
'test-smoothSurvey.R:105:4', 'test-smoothSurvey.R:156:4',
'test-smoothSurvey.R:184:4', 'test-smoothSurvey.R:233:4'
[ FAIL 0 | WARN 0 | SKIP 19 | PASS 0 ]
Error: Failed to send signal to: 2136577 (???)
Execution halted
Flavor: r-devel-linux-x86_64-fedora-gcc
Version: 2.0.0
Check: package dependencies
Result: NOTE
Package suggested but not available for checking: ‘INLA’
Flavors: r-oldrel-macos-arm64, r-oldrel-macos-x86_64
Version: 2.0.0
Check: installed package size
Result: NOTE
installed size is 6.7Mb
sub-directories of 1Mb or more:
data 2.0Mb
doc 3.1Mb
help 1.0Mb
Flavors: r-oldrel-macos-arm64, r-oldrel-macos-x86_64, r-oldrel-windows-x86_64
These binaries (installable software) and packages are in development.
They may not be fully stable and should be used with caution. We make no claims about them.