Last updated on 2025-02-16 10:51:00 CET.
Flavor | Version | Tinstall | Tcheck | Ttotal | Status | Flags |
---|---|---|---|---|---|---|
r-devel-linux-x86_64-debian-clang | 2.0.0 | 46.94 | 366.80 | 413.74 | OK | |
r-devel-linux-x86_64-debian-gcc | 2.0.0 | 27.87 | 223.23 | 251.10 | OK | |
r-devel-linux-x86_64-fedora-clang | 2.0.0 | 673.56 | OK | |||
r-devel-linux-x86_64-fedora-gcc | 2.0.0 | 619.35 | OK | |||
r-devel-macos-arm64 | 2.0.0 | 129.00 | OK | |||
r-devel-macos-x86_64 | 2.0.0 | 334.00 | OK | |||
r-devel-windows-x86_64 | 2.0.0 | 42.00 | 280.00 | 322.00 | OK | |
r-patched-linux-x86_64 | 2.0.0 | 43.90 | 341.44 | 385.34 | NOTE | |
r-release-linux-x86_64 | 2.0.0 | 43.11 | 336.10 | 379.21 | NOTE | |
r-release-macos-arm64 | 2.0.0 | 154.00 | NOTE | |||
r-release-macos-x86_64 | 2.0.0 | 230.00 | NOTE | |||
r-release-windows-x86_64 | 2.0.0 | 41.00 | 277.00 | 318.00 | NOTE | |
r-oldrel-macos-arm64 | 2.0.0 | 194.00 | NOTE | |||
r-oldrel-macos-x86_64 | 2.0.0 | 271.00 | NOTE | |||
r-oldrel-windows-x86_64 | 2.0.0 | 59.00 | 376.00 | 435.00 | NOTE |
Version: 2.0.0
Check: package dependencies
Result: NOTE
Package suggested but not available for checking: ‘INLA’
Flavors: r-patched-linux-x86_64, r-release-linux-x86_64, r-release-macos-arm64, r-release-macos-x86_64, r-oldrel-macos-arm64, r-oldrel-macos-x86_64, r-oldrel-windows-x86_64
Version: 2.0.0
Check: installed package size
Result: NOTE
installed size is 6.7Mb
sub-directories of 1Mb or more:
data 2.0Mb
doc 3.1Mb
help 1.0Mb
Flavors: r-release-macos-arm64, r-release-macos-x86_64, r-release-windows-x86_64, r-oldrel-macos-arm64, r-oldrel-macos-x86_64, r-oldrel-windows-x86_64
These binaries (installable software) and packages are in development.
They may not be fully stable and should be used with caution. We make no claims about them.