Last updated on 2025-10-24 05:50:58 CEST.
| Flavor | Version | Tinstall | Tcheck | Ttotal | Status | Flags |
|---|---|---|---|---|---|---|
| r-devel-linux-x86_64-debian-clang | 0.2.9.3 | 11.17 | 244.39 | 255.56 | NOTE | |
| r-devel-linux-x86_64-debian-gcc | 0.2.9.3 | 7.36 | 178.22 | 185.58 | OK | |
| r-devel-linux-x86_64-fedora-clang | 0.2.9.3 | 27.00 | 351.42 | 378.42 | OK | |
| r-devel-linux-x86_64-fedora-gcc | 0.2.9.3 | 20.00 | 367.37 | 387.37 | OK | |
| r-devel-windows-x86_64 | 0.2.9.3 | 11.00 | 298.00 | 309.00 | OK | |
| r-patched-linux-x86_64 | 0.2.9.3 | 10.55 | 257.35 | 267.90 | OK | |
| r-release-linux-x86_64 | 0.2.9.3 | 9.11 | 245.08 | 254.19 | OK | |
| r-release-macos-arm64 | 0.2.9.3 | 4.00 | 142.00 | 146.00 | OK | |
| r-release-macos-x86_64 | 0.2.9.3 | 7.00 | 252.00 | 259.00 | OK | |
| r-release-windows-x86_64 | 0.2.9.3 | 13.00 | 296.00 | 309.00 | OK | |
| r-oldrel-macos-arm64 | 0.2.9.3 | 4.00 | 129.00 | 133.00 | OK | |
| r-oldrel-macos-x86_64 | 0.2.9.3 | 6.00 | 215.00 | 221.00 | OK | |
| r-oldrel-windows-x86_64 | 0.2.9.3 | 15.00 | 381.00 | 396.00 | OK |
Version: 0.2.9.3
Check: HTML version of manual
Result: NOTE
Found the following HTML validation problems:
X.svmmaj.html:58:1 (X.svmmaj.Rd:18): Warning: missing </ul> before </div>
plot.svmmajcrossval.html:61:1 (plot.svmmajcrossval.Rd:17): Warning: missing </ul> before </div>
plotWeights.html:60:1 (plotWeights.Rd:15): Warning: missing </ul> before </div>
print.svmmaj.html:113:1 (print.svmmaj.Rd:23): Warning: missing </ul> before </div>
print.svmmajcrossval.html:59:1 (print.svmmajcrossval.Rd:17): Warning: missing </ul> before </div>
Flavor: r-devel-linux-x86_64-debian-clang
These binaries (installable software) and packages are in development.
They may not be fully stable and should be used with caution. We make no claims about them.