Last updated on 2025-05-01 14:49:24 CEST.
Flavor | Version | Tinstall | Tcheck | Ttotal | Status | Flags |
---|---|---|---|---|---|---|
r-devel-linux-x86_64-debian-clang | 2.5.2 | 13.77 | 217.53 | 231.30 | NOTE | |
r-devel-linux-x86_64-debian-gcc | 2.5.2 | 10.30 | 146.62 | 156.92 | OK | |
r-devel-linux-x86_64-fedora-clang | 2.5.2 | 357.44 | OK | |||
r-devel-linux-x86_64-fedora-gcc | 2.5.2 | 362.96 | OK | |||
r-devel-windows-x86_64 | 2.5.2 | 17.00 | 261.00 | 278.00 | OK | |
r-patched-linux-x86_64 | 2.5.2 | 14.85 | 205.63 | 220.48 | OK | |
r-release-linux-x86_64 | OK | |||||
r-release-macos-arm64 | 2.5.2 | 122.00 | OK | |||
r-release-macos-x86_64 | 2.5.2 | 236.00 | OK | |||
r-release-windows-x86_64 | 2.5.2 | 17.00 | 260.00 | 277.00 | OK | |
r-oldrel-macos-arm64 | 2.5.2 | 111.00 | OK | |||
r-oldrel-macos-x86_64 | 2.5.2 | 248.00 | OK | |||
r-oldrel-windows-x86_64 | 2.5.2 | 21.00 | 329.00 | 350.00 | OK |
Version: 2.5.2
Check: examples
Result: NOTE
Examples with CPU (user + system) or elapsed time > 5s
user system elapsed
plot_summary 6.256 0.161 8.457
plot_quants 5.289 0.040 6.432
Flavor: r-devel-linux-x86_64-debian-clang
These binaries (installable software) and packages are in development.
They may not be fully stable and should be used with caution. We make no claims about them.