CRAN Package Check Results for Package SWMPrExtension

Last updated on 2025-07-26 03:50:04 CEST.

Flavor Version Tinstall Tcheck Ttotal Status Flags
r-devel-linux-x86_64-debian-clang 2.2.5.1 21.59 181.63 203.22 NOTE
r-devel-linux-x86_64-debian-gcc 2.2.5.1 15.15 125.96 141.11 NOTE
r-devel-linux-x86_64-fedora-clang 2.2.5.1 320.80 OK
r-devel-linux-x86_64-fedora-gcc 2.2.5.1 300.62 OK
r-devel-windows-x86_64 2.2.5.1 27.00 205.00 232.00 NOTE
r-patched-linux-x86_64 2.2.5.1 22.39 170.78 193.17 NOTE
r-release-linux-x86_64 2.2.5.1 20.46 171.95 192.41 NOTE
r-release-macos-arm64 2.2.5.1 96.00 OK
r-release-macos-x86_64 2.2.5.1 191.00 OK
r-release-windows-x86_64 2.2.5.1 24.00 203.00 227.00 NOTE
r-oldrel-macos-arm64 2.2.5.1 97.00 OK
r-oldrel-macos-x86_64 2.2.5.1 146.00 OK
r-oldrel-windows-x86_64 2.2.5.1 34.00 267.00 301.00 OK

Check Details

Version: 2.2.5.1
Check: Rd cross-references
Result: NOTE Found the following Rd file(s) with Rd \link{} targets missing package anchors: import_local_nut.Rd: rem_reps, all_params, all_params_dtrng, single_param Please provide package anchors for all Rd \link{} targets not in the package itself and the base packages. Flavors: r-devel-linux-x86_64-debian-clang, r-devel-linux-x86_64-debian-gcc, r-devel-windows-x86_64, r-patched-linux-x86_64, r-release-linux-x86_64, r-release-windows-x86_64

These binaries (installable software) and packages are in development.
They may not be fully stable and should be used with caution. We make no claims about them.