CRAN Package Check Results for Package SWTools

Last updated on 2025-05-08 04:52:20 CEST.

Flavor Version Tinstall Tcheck Ttotal Status Flags
r-devel-linux-x86_64-debian-clang 1.1.0 5.21 36.66 41.87 OK
r-devel-linux-x86_64-debian-gcc 1.1.0 3.30 28.27 31.57 OK
r-devel-linux-x86_64-fedora-clang 1.1.0 60.77 NOTE
r-devel-linux-x86_64-fedora-gcc 1.1.0 58.30 NOTE
r-devel-windows-x86_64 1.1.0 8.00 64.00 72.00 OK
r-patched-linux-x86_64 1.1.0 5.15 34.14 39.29 OK
r-release-linux-x86_64 1.1.0 4.62 33.20 37.82 OK
r-release-macos-arm64 1.1.0 25.00 OK
r-release-macos-x86_64 1.1.0 36.00 OK
r-release-windows-x86_64 1.1.0 7.00 65.00 72.00 OK
r-oldrel-macos-arm64 1.1.0 20.00 OK
r-oldrel-macos-x86_64 1.1.0 31.00 OK
r-oldrel-windows-x86_64 1.1.0 8.00 71.00 79.00 OK

Check Details

Version: 1.1.0
Check: dependencies in R code
Result: NOTE Namespace in Imports field not imported from: ‘prettymapr’ All declared Imports should be used. Flavors: r-devel-linux-x86_64-fedora-clang, r-devel-linux-x86_64-fedora-gcc

These binaries (installable software) and packages are in development.
They may not be fully stable and should be used with caution. We make no claims about them.