Last updated on 2025-05-01 08:52:45 CEST.
Flavor | Version | Tinstall | Tcheck | Ttotal | Status | Flags |
---|---|---|---|---|---|---|
r-devel-linux-x86_64-debian-clang | 1.0 | 19.13 | 44.56 | 63.69 | NOTE | |
r-devel-linux-x86_64-debian-gcc | 1.0 | 14.35 | 35.23 | 49.58 | NOTE | |
r-devel-linux-x86_64-fedora-clang | 1.0 | 112.04 | OK | |||
r-devel-linux-x86_64-fedora-gcc | 1.0 | 106.77 | OK | |||
r-devel-windows-x86_64 | 1.0 | 26.00 | 98.00 | 124.00 | OK | |
r-patched-linux-x86_64 | 1.0 | 19.52 | 45.61 | 65.13 | OK | |
r-release-linux-x86_64 | OK | |||||
r-release-macos-arm64 | 1.0 | 41.00 | OK | |||
r-release-macos-x86_64 | 1.0 | 76.00 | OK | |||
r-release-windows-x86_64 | 1.0 | 27.00 | 98.00 | 125.00 | OK | |
r-oldrel-macos-arm64 | 1.0 | 36.00 | OK | |||
r-oldrel-macos-x86_64 | 1.0 | 62.00 | OK | |||
r-oldrel-windows-x86_64 | 1.0 | 29.00 | 109.00 | 138.00 | OK |
Version: 1.0
Check: CRAN incoming feasibility
Result: NOTE
Maintainer: ‘Niloy Biswas <niloy_biswas@g.harvard.edu>’
The Description field contains
<arXiv:2204.01668>.
Please refer to arXiv e-prints via their arXiv DOI <doi:10.48550/arXiv.YYMM.NNNNN>.
Flavors: r-devel-linux-x86_64-debian-clang, r-devel-linux-x86_64-debian-gcc
Version: 1.0
Check: examples
Result: NOTE
Examples with CPU (user + system) or elapsed time > 5s
user system elapsed
spike_slab_logistic 7.421 0.019 9.368
Flavor: r-devel-linux-x86_64-debian-clang
Version: 1.0
Check: examples
Result: NA
user system elapsed
spike_slab_logistic 5.719 0.008 7.41
OK
Flavor: r-devel-linux-x86_64-debian-gcc
These binaries (installable software) and packages are in development.
They may not be fully stable and should be used with caution. We make no claims about them.