Last updated on 2025-10-03 15:50:02 CEST.
Flavor | Version | Tinstall | Tcheck | Ttotal | Status | Flags |
---|---|---|---|---|---|---|
r-devel-linux-x86_64-debian-clang | 1.0 | 12.63 | 29.47 | 42.10 | NOTE | |
r-devel-linux-x86_64-debian-gcc | 1.0 | 8.15 | 23.45 | 31.60 | NOTE | |
r-devel-linux-x86_64-fedora-clang | 1.0 | 68.38 | NOTE | |||
r-devel-linux-x86_64-fedora-gcc | 1.0 | 61.21 | NOTE | |||
r-devel-windows-x86_64 | 1.0 | 18.00 | 68.00 | 86.00 | NOTE | |
r-patched-linux-x86_64 | 1.0 | 12.30 | 27.78 | 40.08 | NOTE | |
r-release-linux-x86_64 | 1.0 | 12.15 | 27.63 | 39.78 | NOTE | |
r-release-macos-arm64 | 1.0 | 28.00 | NOTE | |||
r-release-macos-x86_64 | 1.0 | 38.00 | NOTE | |||
r-release-windows-x86_64 | 1.0 | 18.00 | 66.00 | 84.00 | NOTE | |
r-oldrel-macos-arm64 | 1.0 | 23.00 | NOTE | |||
r-oldrel-macos-x86_64 | 1.0 | 29.00 | NOTE | |||
r-oldrel-windows-x86_64 | 1.0 | 17.00 | 78.00 | 95.00 | NOTE |
Version: 1.0
Check: C++ specification
Result: NOTE
Specified C++11: please drop specification unless essential
Flavors: r-devel-linux-x86_64-debian-clang, r-devel-linux-x86_64-debian-gcc, r-devel-linux-x86_64-fedora-clang, r-devel-linux-x86_64-fedora-gcc, r-devel-windows-x86_64, r-patched-linux-x86_64, r-release-linux-x86_64, r-release-macos-arm64, r-release-macos-x86_64, r-release-windows-x86_64, r-oldrel-macos-arm64, r-oldrel-macos-x86_64, r-oldrel-windows-x86_64
Version: 1.0
Check: for GNU extensions in Makefiles
Result: NOTE
GNU make is a SystemRequirements.
Flavors: r-oldrel-macos-arm64, r-oldrel-macos-x86_64, r-oldrel-windows-x86_64
These binaries (installable software) and packages are in development.
They may not be fully stable and should be used with caution. We make no claims about them.