Last updated on 2025-02-19 08:50:56 CET.
Flavor | Version | Tinstall | Tcheck | Ttotal | Status | Flags |
---|---|---|---|---|---|---|
r-devel-linux-x86_64-debian-clang | 1.0 | 12.70 | 27.42 | 40.12 | NOTE | |
r-devel-linux-x86_64-debian-gcc | 1.0 | 8.76 | 21.53 | 30.29 | NOTE | |
r-devel-linux-x86_64-fedora-clang | 1.0 | 70.64 | NOTE | |||
r-devel-linux-x86_64-fedora-gcc | 1.0 | 64.13 | NOTE | |||
r-devel-macos-arm64 | 1.0 | 22.00 | NOTE | |||
r-devel-macos-x86_64 | 1.0 | 38.00 | NOTE | |||
r-devel-windows-x86_64 | 1.0 | 16.00 | 68.00 | 84.00 | NOTE | |
r-patched-linux-x86_64 | 1.0 | 13.01 | 25.69 | 38.70 | NOTE | |
r-release-linux-x86_64 | 1.0 | 12.45 | 25.84 | 38.29 | NOTE | |
r-release-macos-arm64 | 1.0 | 23.00 | NOTE | |||
r-release-macos-x86_64 | 1.0 | 29.00 | NOTE | |||
r-release-windows-x86_64 | 1.0 | 17.00 | 4.00 | 21.00 | FAIL | |
r-oldrel-macos-arm64 | 1.0 | 26.00 | NOTE | |||
r-oldrel-macos-x86_64 | 1.0 | 40.00 | NOTE | |||
r-oldrel-windows-x86_64 | 1.0 | 19.00 | 99.00 | 118.00 | NOTE |
Version: 1.0
Check: C++ specification
Result: NOTE
Specified C++11: please drop specification unless essential
Flavors: r-devel-linux-x86_64-debian-clang, r-devel-linux-x86_64-debian-gcc, r-devel-linux-x86_64-fedora-clang, r-devel-linux-x86_64-fedora-gcc, r-devel-macos-arm64, r-devel-macos-x86_64, r-devel-windows-x86_64, r-patched-linux-x86_64, r-release-linux-x86_64, r-release-macos-arm64, r-release-macos-x86_64, r-oldrel-macos-arm64, r-oldrel-macos-x86_64, r-oldrel-windows-x86_64
Version: 1.0
Check: for GNU extensions in Makefiles
Result: NOTE
GNU make is a SystemRequirements.
Flavors: r-patched-linux-x86_64, r-release-linux-x86_64, r-release-macos-arm64, r-release-macos-x86_64, r-oldrel-macos-arm64, r-oldrel-macos-x86_64, r-oldrel-windows-x86_64
Version: 1.0
Check: package dependencies
Result: FAIL
Flavor: r-release-windows-x86_64
These binaries (installable software) and packages are in development.
They may not be fully stable and should be used with caution. We make no claims about them.