Last updated on 2025-02-16 10:50:58 CET.
Flavor | Version | Tinstall | Tcheck | Ttotal | Status | Flags |
---|---|---|---|---|---|---|
r-devel-linux-x86_64-debian-clang | 0.9-13.1 | 2.84 | 25.02 | 27.86 | NOTE | |
r-devel-linux-x86_64-debian-gcc | 0.9-13.1 | 2.11 | 20.33 | 22.44 | NOTE | |
r-devel-linux-x86_64-fedora-clang | 0.9-13.1 | 46.93 | OK | |||
r-devel-linux-x86_64-fedora-gcc | 0.9-13.1 | 42.59 | OK | |||
r-devel-macos-arm64 | 0.9-13.1 | 17.00 | OK | |||
r-devel-macos-x86_64 | 0.9-13.1 | 30.00 | OK | |||
r-devel-windows-x86_64 | 0.9-13.1 | 5.00 | 56.00 | 61.00 | NOTE | |
r-patched-linux-x86_64 | 0.9-13.1 | 4.56 | 24.10 | 28.66 | OK | |
r-release-linux-x86_64 | 0.9-13.1 | 2.77 | 23.97 | 26.74 | OK | |
r-release-macos-arm64 | 0.9-13.1 | 17.00 | OK | |||
r-release-macos-x86_64 | 0.9-13.1 | 25.00 | OK | |||
r-release-windows-x86_64 | 0.9-13.1 | 5.00 | 50.00 | 55.00 | OK | |
r-oldrel-macos-arm64 | 0.9-13.1 | 22.00 | OK | |||
r-oldrel-macos-x86_64 | 0.9-13.1 | 28.00 | OK | |||
r-oldrel-windows-x86_64 | 0.9-13.1 | 4.00 | 60.00 | 64.00 | OK |
Version: 0.9-13.1
Check: Rd cross-references
Result: NOTE
Found the following Rd file(s) with Rd \link{} targets missing package
anchors:
correlation.Rd: plotcorr
panels.Rd: rlm, ellipse
pcomp.Rd: cov.mve, cov.mcd
Please provide package anchors for all Rd \link{} targets not in the
package itself and the base packages.
Flavors: r-devel-linux-x86_64-debian-clang, r-devel-linux-x86_64-debian-gcc, r-devel-windows-x86_64
These binaries (installable software) and packages are in development.
They may not be fully stable and should be used with caution. We make no claims about them.