CRAN Package Check Results for Package ScoreEB

Last updated on 2025-11-15 17:49:01 CET.

Flavor Version Tinstall Tcheck Ttotal Status Flags
r-devel-linux-x86_64-debian-clang 0.1.1 2.33 24.59 26.92 NOTE
r-devel-linux-x86_64-debian-gcc 0.1.1 1.96 19.64 21.60 NOTE
r-devel-linux-x86_64-fedora-clang 0.1.1 39.70 OK
r-devel-linux-x86_64-fedora-gcc 0.1.1 38.01 OK
r-devel-windows-x86_64 0.1.1 5.00 43.00 48.00 OK
r-patched-linux-x86_64 0.1.1 2.55 23.11 25.66 OK
r-release-linux-x86_64 0.1.1 2.35 23.04 25.39 OK
r-release-macos-arm64 0.1.1 2.00 23.00 25.00 OK
r-release-macos-x86_64 0.1.1 2.00 25.00 27.00 OK
r-release-windows-x86_64 0.1.1 5.00 41.00 46.00 OK
r-oldrel-macos-arm64 0.1.1 1.00 15.00 16.00 OK
r-oldrel-macos-x86_64 0.1.1 2.00 27.00 29.00 OK
r-oldrel-windows-x86_64 0.1.1 3.00 47.00 50.00 OK

Check Details

Version: 0.1.1
Check: CRAN incoming feasibility
Result: NOTE Maintainer: ‘Wenlong Ren <wenlongren@ntu.edu.cn>’ No Authors@R field in DESCRIPTION. Please add one, modifying Authors@R: person(given = "Wenlong", family = "Ren", role = c("aut", "cre"), email = "wenlongren@ntu.edu.cn") as necessary. Flavors: r-devel-linux-x86_64-debian-clang, r-devel-linux-x86_64-debian-gcc

These binaries (installable software) and packages are in development.
They may not be fully stable and should be used with caution. We make no claims about them.