Last updated on 2025-02-16 10:50:58 CET.
Flavor | Version | Tinstall | Tcheck | Ttotal | Status | Flags |
---|---|---|---|---|---|---|
r-devel-linux-x86_64-debian-clang | 1.3-2 | 10.91 | 81.33 | 92.24 | ERROR | |
r-devel-linux-x86_64-debian-gcc | 1.3-2 | 8.06 | 58.84 | 66.90 | ERROR | |
r-devel-linux-x86_64-fedora-clang | 1.3-2 | 156.26 | ERROR | |||
r-devel-linux-x86_64-fedora-gcc | 1.3-2 | 144.95 | ERROR | |||
r-devel-macos-arm64 | 1.3-2 | 42.00 | OK | |||
r-devel-macos-x86_64 | 1.3-2 | 89.00 | OK | |||
r-devel-windows-x86_64 | 1.3-2 | 11.00 | 99.00 | 110.00 | ERROR | |
r-patched-linux-x86_64 | 1.3-2 | 15.94 | 75.69 | 91.63 | ERROR | |
r-release-linux-x86_64 | 1.3-2 | 8.32 | 76.10 | 84.42 | ERROR | |
r-release-macos-arm64 | 1.3-2 | 39.00 | OK | |||
r-release-macos-x86_64 | 1.3-2 | 61.00 | OK | |||
r-release-windows-x86_64 | 1.3-2 | 12.00 | 88.00 | 100.00 | ERROR | |
r-oldrel-macos-arm64 | 1.3-2 | 46.00 | OK | |||
r-oldrel-macos-x86_64 | 1.3-2 | 110.00 | OK | |||
r-oldrel-windows-x86_64 | 1.3-2 | 15.00 | 118.00 | 133.00 | ERROR |
Version: 1.3-2
Check: Rd cross-references
Result: NOTE
Found the following Rd file(s) with Rd \link{} targets missing package
anchors:
xtable.SK.Rd: xtable
Please provide package anchors for all Rd \link{} targets not in the
package itself and the base packages.
Flavors: r-devel-linux-x86_64-debian-clang, r-devel-linux-x86_64-debian-gcc, r-devel-windows-x86_64
Version: 1.3-2
Check: examples
Result: ERROR
Running examples in ‘ScottKnott-Ex.R’ failed
The error most likely occurred in:
> base::assign(".ptime", proc.time(), pos = "CheckExEnv")
> ### Name: SK
> ### Title: The SK Test for Single Experiments
> ### Aliases: SK SK.default SK.aov SK.lm SK.formula SK.aovlist SK.lmerMod
> ### Keywords: package
>
> ### ** Examples
>
> ##
> ## Examples:Randomized Complete Block Design (RCBD)
> ## More details: demo(package='SK')
> ##
>
> ## The parameters can be: formula, aov, lm, aovlist and lmerMod
>
> data(RCBD)
>
> ## From: formula
> sk1 <- with(RCBD,
+ SK(y ~ blk + tra,
+ data=dfm,
+ which='tra'))
Error in data.frame(means = aux_mt1, reps = reps) :
arguments imply differing number of rows: 0, 5
Calls: with ... eval -> SK -> SK.formula -> SK -> SK.lm -> data.frame
Execution halted
Flavors: r-devel-linux-x86_64-debian-clang, r-devel-linux-x86_64-debian-gcc, r-patched-linux-x86_64, r-release-linux-x86_64
Version: 1.3-2
Check: examples
Result: ERROR
Running examples in ‘ScottKnott-Ex.R’ failed
The error most likely occurred in:
> ### Name: SK
> ### Title: The SK Test for Single Experiments
> ### Aliases: SK SK.default SK.aov SK.lm SK.formula SK.aovlist SK.lmerMod
> ### Keywords: package
>
> ### ** Examples
>
> ##
> ## Examples:Randomized Complete Block Design (RCBD)
> ## More details: demo(package='SK')
> ##
>
> ## The parameters can be: formula, aov, lm, aovlist and lmerMod
>
> data(RCBD)
>
> ## From: formula
> sk1 <- with(RCBD,
+ SK(y ~ blk + tra,
+ data=dfm,
+ which='tra'))
Error in data.frame(means = aux_mt1, reps = reps) :
arguments imply differing number of rows: 0, 5
Calls: with ... eval -> SK -> SK.formula -> SK -> SK.lm -> data.frame
Execution halted
Flavors: r-devel-linux-x86_64-fedora-clang, r-devel-linux-x86_64-fedora-gcc, r-devel-windows-x86_64, r-release-windows-x86_64, r-oldrel-windows-x86_64
These binaries (installable software) and packages are in development.
They may not be fully stable and should be used with caution. We make no claims about them.