Last updated on 2025-11-11 15:50:46 CET.
| Flavor | Version | Tinstall | Tcheck | Ttotal | Status | Flags |
|---|---|---|---|---|---|---|
| r-devel-linux-x86_64-debian-clang | 2.0.3 | 9.33 | 76.13 | 85.46 | NOTE | |
| r-devel-linux-x86_64-debian-gcc | 2.0.3 | 7.68 | 57.86 | 65.54 | NOTE | |
| r-devel-linux-x86_64-fedora-clang | 2.0.3 | 20.00 | 110.56 | 130.56 | OK | |
| r-devel-linux-x86_64-fedora-gcc | 2.0.3 | 21.00 | 101.26 | 122.26 | OK | |
| r-devel-windows-x86_64 | 2.0.3 | 11.00 | 82.00 | 93.00 | OK | |
| r-patched-linux-x86_64 | 2.0.3 | 9.39 | 71.50 | 80.89 | OK | |
| r-release-linux-x86_64 | 2.0.3 | 9.35 | 70.84 | 80.19 | OK | |
| r-release-macos-arm64 | 2.0.3 | 3.00 | 28.00 | 31.00 | OK | |
| r-release-macos-x86_64 | 2.0.3 | 6.00 | 49.00 | 55.00 | OK | |
| r-release-windows-x86_64 | 2.0.3 | 12.00 | 81.00 | 93.00 | OK | |
| r-oldrel-macos-arm64 | 2.0.3 | 3.00 | 30.00 | 33.00 | OK | |
| r-oldrel-macos-x86_64 | 2.0.3 | 5.00 | 40.00 | 45.00 | OK | |
| r-oldrel-windows-x86_64 | 2.0.3 | 15.00 | 104.00 | 119.00 | OK |
Version: 2.0.3
Check: CRAN incoming feasibility
Result: NOTE
Maintainer: ‘Chakkrit Tantithamthavorn <kla@chakkrit.com>’
No Authors@R field in DESCRIPTION.
Please add one, modifying
Authors@R: person(given = "Chakkrit",
family = "Tantithamthavorn",
role = c("aut", "cre"),
email = "kla@chakkrit.com")
as necessary.
Flavors: r-devel-linux-x86_64-debian-clang, r-devel-linux-x86_64-debian-gcc
These binaries (installable software) and packages are in development.
They may not be fully stable and should be used with caution. We make no claims about them.