CRAN Package Check Results for Package ScreenClean

Last updated on 2025-07-02 01:51:50 CEST.

Flavor Version Tinstall Tcheck Ttotal Status Flags
r-devel-linux-x86_64-debian-clang 1.0.1 6.55 52.68 59.23 NOTE
r-devel-linux-x86_64-debian-gcc 1.0.1 4.27 40.47 44.74 NOTE
r-devel-linux-x86_64-fedora-clang 1.0.1 90.97 OK
r-devel-linux-x86_64-fedora-gcc 1.0.1 89.30 OK
r-devel-windows-x86_64 1.0.1 7.00 70.00 77.00 OK
r-patched-linux-x86_64 OK
r-release-linux-x86_64 1.0.1 6.22 49.64 55.86 OK
r-release-macos-arm64 1.0.1 32.00 OK
r-release-macos-x86_64 1.0.1 56.00 OK
r-release-windows-x86_64 1.0.1 7.00 72.00 79.00 OK
r-oldrel-macos-arm64 1.0.1 29.00 OK
r-oldrel-macos-x86_64 1.0.1 45.00 OK
r-oldrel-windows-x86_64 1.0.1 9.00 80.00 89.00 OK

Check Details

Version: 1.0.1
Check: CRAN incoming feasibility
Result: NOTE Maintainer: ‘Qi Zhang <karlmzhang@gmail.com>’ No Authors@R field in DESCRIPTION. Please add one, modifying Authors@R: c(person(given = "Pengsheng", family = "Ji", role = "aut"), person(given = "Jiashun", family = "Jin", role = "aut"), person(given = "Qi", family = "Zhang", role = c("aut", "cre"), email = "karlmzhang@gmail.com")) as necessary. Flavors: r-devel-linux-x86_64-debian-clang, r-devel-linux-x86_64-debian-gcc

These binaries (installable software) and packages are in development.
They may not be fully stable and should be used with caution. We make no claims about them.