Last updated on 2025-10-23 11:50:27 CEST.
Flavor | Version | Tinstall | Tcheck | Ttotal | Status | Flags |
---|---|---|---|---|---|---|
r-devel-linux-x86_64-debian-clang | 0.2.8 | 14.91 | 352.62 | 367.53 | OK | |
r-devel-linux-x86_64-debian-gcc | 0.2.8 | 10.63 | 223.40 | 234.03 | OK | |
r-devel-linux-x86_64-fedora-clang | 0.2.8 | 38.00 | 541.45 | 579.45 | OK | |
r-devel-linux-x86_64-fedora-gcc | 0.2.8 | 32.00 | 555.03 | 587.03 | OK | |
r-devel-windows-x86_64 | 0.2.8 | 22.00 | 362.00 | 384.00 | OK | |
r-patched-linux-x86_64 | 0.2.8 | 18.78 | 333.46 | 352.24 | OK | |
r-release-linux-x86_64 | 0.2.8 | 14.01 | 334.03 | 348.04 | OK | |
r-release-macos-arm64 | 0.2.8 | 7.00 | 117.00 | 124.00 | OK | |
r-release-macos-x86_64 | 0.2.8 | 15.00 | 371.00 | 386.00 | OK | |
r-release-windows-x86_64 | 0.2.8 | 23.00 | 361.00 | 384.00 | OK | |
r-oldrel-macos-arm64 | 0.2.8 | 7.00 | 129.00 | 136.00 | NOTE | |
r-oldrel-macos-x86_64 | 0.2.8 | 15.00 | 370.00 | 385.00 | NOTE | |
r-oldrel-windows-x86_64 | 0.2.8 | 30.00 | 512.00 | 542.00 | NOTE |
Version: 0.2.8
Check: installed package size
Result: NOTE
installed size is 10.1Mb
sub-directories of 1Mb or more:
css_data 8.7Mb
Flavors: r-oldrel-macos-arm64, r-oldrel-macos-x86_64, r-oldrel-windows-x86_64
These binaries (installable software) and packages are in development.
They may not be fully stable and should be used with caution. We make no claims about them.