CRAN Package Check Results for Package SeaVal

Last updated on 2025-07-12 17:48:37 CEST.

Flavor Version Tinstall Tcheck Ttotal Status Flags
r-devel-linux-x86_64-debian-clang 1.2.0 11.22 79.07 90.29 OK
r-devel-linux-x86_64-debian-gcc 1.2.0 7.68 54.51 62.19 OK
r-devel-linux-x86_64-fedora-clang 1.2.0 139.22 OK
r-devel-linux-x86_64-fedora-gcc 1.2.0 124.90 OK
r-devel-windows-x86_64 1.2.0 17.00 99.00 116.00 OK
r-patched-linux-x86_64 1.2.0 12.22 70.63 82.85 OK
r-release-linux-x86_64 1.2.0 10.25 69.24 79.49 OK
r-release-macos-arm64 1.2.0 38.00 OK
r-release-macos-x86_64 1.2.0 71.00 OK
r-release-windows-x86_64 1.2.0 17.00 99.00 116.00 OK
r-oldrel-macos-arm64 1.2.0 36.00 NOTE
r-oldrel-macos-x86_64 1.2.0 96.00 NOTE
r-oldrel-windows-x86_64 1.2.0 22.00 121.00 143.00 NOTE

Check Details

Version: 1.2.0
Check: installed package size
Result: NOTE installed size is 19.3Mb sub-directories of 1Mb or more: extdata 18.0Mb Flavors: r-oldrel-macos-arm64, r-oldrel-macos-x86_64, r-oldrel-windows-x86_64

These binaries (installable software) and packages are in development.
They may not be fully stable and should be used with caution. We make no claims about them.