Last updated on 2025-07-02 01:51:50 CEST.
Flavor | Version | Tinstall | Tcheck | Ttotal | Status | Flags |
---|---|---|---|---|---|---|
r-devel-linux-x86_64-debian-clang | 2.2.2 | 17.25 | 125.15 | 142.40 | NOTE | |
r-devel-linux-x86_64-debian-gcc | 2.2.2 | 12.33 | 90.33 | 102.66 | NOTE | |
r-devel-linux-x86_64-fedora-clang | 2.2.2 | 215.16 | OK | |||
r-devel-linux-x86_64-fedora-gcc | 2.2.2 | 238.01 | OK | |||
r-devel-windows-x86_64 | 2.2.2 | 19.00 | 132.00 | 151.00 | OK | |
r-patched-linux-x86_64 | OK | |||||
r-release-linux-x86_64 | 2.2.2 | 15.43 | 117.53 | 132.96 | OK | |
r-release-macos-arm64 | 2.2.2 | 70.00 | OK | |||
r-release-macos-x86_64 | 2.2.2 | 139.00 | OK | |||
r-release-windows-x86_64 | 2.2.2 | 18.00 | 133.00 | 151.00 | OK | |
r-oldrel-macos-arm64 | 2.2.2 | 61.00 | OK | |||
r-oldrel-macos-x86_64 | 2.2.2 | 103.00 | OK | |||
r-oldrel-windows-x86_64 | 2.2.2 | 24.00 | 168.00 | 192.00 | OK |
Version: 2.2.2
Check: CRAN incoming feasibility
Result: NOTE
Maintainer: ‘Frederic Bertrand <frederic.bertrand@utt.fr>’
Package CITATION file contains call(s) to old-style personList() or
as.personList(). Please use c() on person objects instead.
Package CITATION file contains call(s) to old-style citEntry(). Please
use bibentry() instead.
Flavors: r-devel-linux-x86_64-debian-clang, r-devel-linux-x86_64-debian-gcc
These binaries (installable software) and packages are in development.
They may not be fully stable and should be used with caution. We make no claims about them.