Last updated on 2025-04-16 23:49:31 CEST.
Flavor | Version | Tinstall | Tcheck | Ttotal | Status | Flags |
---|---|---|---|---|---|---|
r-devel-linux-x86_64-debian-clang | 1.1.0 | 11.00 | 87.99 | 98.99 | OK | |
r-devel-linux-x86_64-debian-gcc | 1.1.0 | 7.42 | 60.23 | 67.65 | OK | |
r-devel-linux-x86_64-fedora-clang | 1.1.0 | 154.18 | OK | |||
r-devel-linux-x86_64-fedora-gcc | 1.1.0 | 152.78 | OK | |||
r-devel-windows-x86_64 | 1.1.0 | 12.00 | 89.00 | 101.00 | OK | |
r-patched-linux-x86_64 | 1.1.0 | 11.18 | 83.14 | 94.32 | OK | |
r-release-linux-x86_64 | 1.1.0 | 10.95 | 81.50 | 92.45 | OK | |
r-release-macos-arm64 | 1.1.0 | 44.00 | OK | |||
r-release-macos-x86_64 | 1.1.0 | 80.00 | OK | |||
r-release-windows-x86_64 | 1.1.0 | 12.00 | 94.00 | 106.00 | OK | |
r-oldrel-macos-arm64 | 1.1.0 | 44.00 | NOTE | |||
r-oldrel-macos-x86_64 | 1.1.0 | 60.00 | NOTE | |||
r-oldrel-windows-x86_64 | 1.1.0 | 16.00 | 109.00 | 125.00 | NOTE |
Version: 1.1.0
Check: LazyData
Result: NOTE
'LazyData' is specified without a 'data' directory
Flavors: r-oldrel-macos-arm64, r-oldrel-macos-x86_64, r-oldrel-windows-x86_64
These binaries (installable software) and packages are in development.
They may not be fully stable and should be used with caution. We make no claims about them.