CRAN Package Check Results for Package SemiCompRisks

Last updated on 2025-05-01 14:49:22 CEST.

Flavor Version Tinstall Tcheck Ttotal Status Flags
r-devel-linux-x86_64-debian-clang 3.4 56.03 115.54 171.57 NOTE
r-devel-linux-x86_64-debian-gcc 3.4 46.81 78.11 124.92 NOTE
r-devel-linux-x86_64-fedora-clang 3.4 267.76 OK
r-devel-linux-x86_64-fedora-gcc 3.4 325.90 OK
r-devel-windows-x86_64 3.4 86.00 155.00 241.00 OK
r-patched-linux-x86_64 3.4 67.70 112.32 180.02 OK
r-release-linux-x86_64 OK
r-release-macos-arm64 3.4 93.00 WARN
r-release-macos-x86_64 3.4 137.00 OK
r-release-windows-x86_64 3.4 87.00 159.00 246.00 OK
r-oldrel-macos-arm64 3.4 89.00 WARN
r-oldrel-macos-x86_64 3.4 108.00 NOTE
r-oldrel-windows-x86_64 3.4 98.00 178.00 276.00 OK

Check Details

Version: 3.4
Check: CRAN incoming feasibility
Result: NOTE Maintainer: ‘Kyu Ha Lee <klee15239@gmail.com>’ No Authors@R field in DESCRIPTION. Please add one, modifying Authors@R: c(person(given = c("Kyu", "Ha"), family = "Lee", role = c("aut", "cre"), email = "klee15239@gmail.com"), person(given = "Catherine", family = "Lee", role = "aut"), person(given = "Danilo", family = "Alvares", role = "aut"), person(given = "Sebastien", family = "Haneuse", role = "aut")) as necessary. Flavors: r-devel-linux-x86_64-debian-clang, r-devel-linux-x86_64-debian-gcc

Version: 3.4
Check: re-building of vignette outputs
Result: WARN Error(s) in re-building vignettes: --- re-building ‘SemiCompRisks.ltx’ using tex Error: processing vignette 'SemiCompRisks.ltx' failed with diagnostics: Running 'texi2dvi' on 'SemiCompRisks.ltx' failed. LaTeX errors: !pdfTeX error: pdflatex (file bbm8): Font bbm8 at 600 not found ==> Fatal error occurred, no output PDF file produced! --- failed re-building ‘SemiCompRisks.ltx’ SUMMARY: processing the following file failed: ‘SemiCompRisks.ltx’ Error: Vignette re-building failed. Execution halted Flavors: r-release-macos-arm64, r-oldrel-macos-arm64

Version: 3.4
Check: installed package size
Result: NOTE installed size is 6.8Mb sub-directories of 1Mb or more: libs 5.8Mb Flavors: r-oldrel-macos-arm64, r-oldrel-macos-x86_64

These binaries (installable software) and packages are in development.
They may not be fully stable and should be used with caution. We make no claims about them.