Last updated on 2025-02-16 10:50:58 CET.
Flavor | Version | Tinstall | Tcheck | Ttotal | Status | Flags |
---|---|---|---|---|---|---|
r-devel-linux-x86_64-debian-clang | 1.0-4.2 | 5.41 | 47.00 | 52.41 | NOTE | |
r-devel-linux-x86_64-debian-gcc | 1.0-4.2 | 4.04 | 34.46 | 38.50 | NOTE | |
r-devel-linux-x86_64-fedora-clang | 1.0-4.2 | 86.02 | OK | |||
r-devel-linux-x86_64-fedora-gcc | 1.0-4.2 | 79.98 | OK | |||
r-devel-macos-arm64 | 1.0-4.2 | 28.00 | OK | |||
r-devel-macos-x86_64 | 1.0-4.2 | 59.00 | OK | |||
r-devel-windows-x86_64 | 1.0-4.2 | 6.00 | 70.00 | 76.00 | NOTE | |
r-patched-linux-x86_64 | 1.0-4.2 | 5.48 | 44.38 | 49.86 | OK | |
r-release-linux-x86_64 | 1.0-4.2 | 5.43 | 44.30 | 49.73 | OK | |
r-release-macos-arm64 | 1.0-4.2 | 29.00 | OK | |||
r-release-macos-x86_64 | 1.0-4.2 | 40.00 | OK | |||
r-release-windows-x86_64 | 1.0-4.2 | 6.00 | 71.00 | 77.00 | OK | |
r-oldrel-macos-arm64 | 1.0-4.2 | 29.00 | OK | |||
r-oldrel-macos-x86_64 | 1.0-4.2 | 42.00 | OK | |||
r-oldrel-windows-x86_64 | 1.0-4.2 | 8.00 | 74.00 | 82.00 | OK |
Version: 1.0-4.2
Check: Rd cross-references
Result: NOTE
Found the following Rd file(s) with Rd \link{} targets missing package
anchors:
spm.Rd: gam, lme, glmmPQL
Please provide package anchors for all Rd \link{} targets not in the
package itself and the base packages.
Flavors: r-devel-linux-x86_64-debian-clang, r-devel-linux-x86_64-debian-gcc, r-devel-windows-x86_64
These binaries (installable software) and packages are in development.
They may not be fully stable and should be used with caution. We make no claims about them.