CRAN Package Check Results for Package SenSrivastava

Last updated on 2025-07-02 03:50:52 CEST.

Flavor Version Tinstall Tcheck Ttotal Status Flags
r-devel-linux-x86_64-debian-clang 2015.6.25.1 1.88 20.70 22.58 NOTE
r-devel-linux-x86_64-debian-gcc 2015.6.25.1 1.48 16.72 18.20 NOTE
r-devel-linux-x86_64-fedora-clang 2015.6.25.1 35.20 OK
r-devel-linux-x86_64-fedora-gcc 2015.6.25.1 35.99 OK
r-devel-windows-x86_64 2015.6.25.1 3.00 51.00 54.00 OK
r-patched-linux-x86_64 OK
r-release-linux-x86_64 2015.6.25.1 1.94 19.06 21.00 OK
r-release-macos-arm64 2015.6.25.1 17.00 OK
r-release-macos-x86_64 2015.6.25.1 32.00 OK
r-release-windows-x86_64 2015.6.25.1 4.00 53.00 57.00 OK
r-oldrel-macos-arm64 2015.6.25.1 15.00 OK
r-oldrel-macos-x86_64 2015.6.25.1 26.00 OK
r-oldrel-windows-x86_64 2015.6.25.1 4.00 59.00 63.00 OK

Check Details

Version: 2015.6.25.1
Check: CRAN incoming feasibility
Result: NOTE Maintainer: ‘Kjetil B Halvorsen <kjetil1001@gmail.com>’ No Authors@R field in DESCRIPTION. Please add one, modifying Authors@R: person(given = c("Kjetil", "B"), family = "Halvorsen", role = c("aut", "cre"), email = "kjetil1001@gmail.com") as necessary. Found the following \keyword or \concept entries which likely give several index terms: File ‘E1.19.Rd’: \concept{Data on Book Prices, Pages and Type of Bi [TRUNCATED] File ‘E2.9.Rd’: \concept{Data on Capital, Labour and Value Added f [TRUNCATED] File ‘E4.11.Rd’: \concept{ Data on Cost of Repairing Starters, Ring [TRUNCATED] File ‘E7.2.Rd’: \concept{Prices of Crude Oil, Natural Gas, Bitumin [TRUNCATED] File ‘E9.3.Rd’: \concept{ Areas, lengths and widths of rectangles [TRUNCATED] File ‘E9.8.Rd’: \concept{ Data on monthly rent, annual income and [TRUNCATED] Flavors: r-devel-linux-x86_64-debian-clang, r-devel-linux-x86_64-debian-gcc

These binaries (installable software) and packages are in development.
They may not be fully stable and should be used with caution. We make no claims about them.