Last updated on 2025-02-19 16:51:04 CET.
Flavor | Version | Tinstall | Tcheck | Ttotal | Status | Flags |
---|---|---|---|---|---|---|
r-devel-linux-x86_64-debian-clang | 1.0.0 | 5.51 | 31.71 | 37.22 | OK | |
r-devel-linux-x86_64-debian-gcc | 1.0.0 | 2.98 | 24.28 | 27.26 | OK | |
r-devel-linux-x86_64-fedora-clang | 1.0.0 | 62.16 | OK | |||
r-devel-linux-x86_64-fedora-gcc | 1.0.0 | 55.32 | OK | |||
r-devel-macos-arm64 | 1.0.0 | 33.00 | OK | |||
r-devel-macos-x86_64 | 1.0.0 | 43.00 | OK | |||
r-devel-windows-x86_64 | 1.0.0 | 6.00 | 57.00 | 63.00 | OK | |
r-patched-linux-x86_64 | 1.0.0 | 5.39 | 29.83 | 35.22 | OK | |
r-release-linux-x86_64 | 1.0.0 | 5.15 | 29.31 | 34.46 | OK | |
r-release-macos-arm64 | 1.0.0 | 29.00 | OK | |||
r-release-macos-x86_64 | 1.0.0 | 44.00 | OK | |||
r-release-windows-x86_64 | 1.0.0 | 6.00 | 4.00 | 10.00 | FAIL | |
r-oldrel-macos-arm64 | 1.0.0 | 26.00 | OK | |||
r-oldrel-macos-x86_64 | 1.0.0 | 38.00 | OK | |||
r-oldrel-windows-x86_64 | 1.0.0 | 8.00 | 67.00 | 75.00 | OK |
Version: 1.0.0
Check: package dependencies
Result: FAIL
Flavor: r-release-windows-x86_64
These binaries (installable software) and packages are in development.
They may not be fully stable and should be used with caution. We make no claims about them.