Last updated on 2025-05-01 14:49:22 CEST.
Flavor | Version | Tinstall | Tcheck | Ttotal | Status | Flags |
---|---|---|---|---|---|---|
r-devel-linux-x86_64-debian-clang | 0.7 | 18.12 | 197.06 | 215.18 | NOTE | |
r-devel-linux-x86_64-debian-gcc | 0.7 | 13.28 | 136.68 | 149.96 | NOTE | |
r-devel-linux-x86_64-fedora-clang | 0.7 | 327.03 | OK | |||
r-devel-linux-x86_64-fedora-gcc | 0.7 | 330.96 | OK | |||
r-devel-windows-x86_64 | 0.7 | 20.00 | 176.00 | 196.00 | OK | |
r-patched-linux-x86_64 | 0.7 | 17.57 | 183.06 | 200.63 | OK | |
r-release-linux-x86_64 | OK | |||||
r-release-macos-arm64 | 0.7 | 89.00 | OK | |||
r-release-macos-x86_64 | 0.7 | 172.00 | OK | |||
r-release-windows-x86_64 | 0.7 | 20.00 | 209.00 | 229.00 | OK | |
r-oldrel-macos-arm64 | 0.7 | 85.00 | OK | |||
r-oldrel-macos-x86_64 | 0.7 | 129.00 | OK | |||
r-oldrel-windows-x86_64 | 0.7 | 26.00 | 241.00 | 267.00 | OK |
Version: 0.7
Check: CRAN incoming feasibility
Result: NOTE
Maintainer: ‘Ibtihel Rebhi <ibtihel.rebhi@enit.utm.tn>’
No Authors@R field in DESCRIPTION.
Please add one, modifying
Authors@R: c(person(given = "Ibtihel",
family = "Rebhi",
role = c("aut", "cre"),
email = "ibtihel.rebhi@enit.utm.tn"),
person(given = "Dhafer",
family = "Malouche",
role = "ctb"))
as necessary.
Flavors: r-devel-linux-x86_64-debian-clang, r-devel-linux-x86_64-debian-gcc
These binaries (installable software) and packages are in development.
They may not be fully stable and should be used with caution. We make no claims about them.