Last updated on 2025-07-25 01:49:39 CEST.
Flavor | Version | Tinstall | Tcheck | Ttotal | Status | Flags |
---|---|---|---|---|---|---|
r-devel-linux-x86_64-debian-clang | 0.7 | 18.64 | 194.90 | 213.54 | NOTE | |
r-devel-linux-x86_64-debian-gcc | 0.7 | 14.39 | 135.39 | 149.78 | NOTE | |
r-devel-linux-x86_64-fedora-clang | 0.7 | 351.45 | OK | |||
r-devel-linux-x86_64-fedora-gcc | 0.7 | 328.83 | OK | |||
r-devel-windows-x86_64 | 0.7 | 20.00 | 178.00 | 198.00 | OK | |
r-patched-linux-x86_64 | 0.7 | 17.18 | 184.62 | 201.80 | OK | |
r-release-linux-x86_64 | 0.7 | 17.87 | 184.21 | 202.08 | OK | |
r-release-macos-arm64 | 0.7 | 89.00 | OK | |||
r-release-macos-x86_64 | 0.7 | 172.00 | OK | |||
r-release-windows-x86_64 | 0.7 | 22.00 | 174.00 | 196.00 | OK | |
r-oldrel-macos-arm64 | 0.7 | 85.00 | OK | |||
r-oldrel-macos-x86_64 | 0.7 | 129.00 | OK | |||
r-oldrel-windows-x86_64 | 0.7 | 25.00 | 237.00 | 262.00 | OK |
Version: 0.7
Check: CRAN incoming feasibility
Result: NOTE
Maintainer: ‘Ibtihel Rebhi <ibtihel.rebhi@enit.utm.tn>’
No Authors@R field in DESCRIPTION.
Please add one, modifying
Authors@R: c(person(given = "Ibtihel",
family = "Rebhi",
role = c("aut", "cre"),
email = "ibtihel.rebhi@enit.utm.tn"),
person(given = "Dhafer",
family = "Malouche",
role = "ctb"))
as necessary.
Flavors: r-devel-linux-x86_64-debian-clang, r-devel-linux-x86_64-debian-gcc
These binaries (installable software) and packages are in development.
They may not be fully stable and should be used with caution. We make no claims about them.