CRAN Package Check Results for Package SeqAlloc

Last updated on 2025-11-11 15:50:47 CET.

Flavor Version Tinstall Tcheck Ttotal Status Flags
r-devel-linux-x86_64-debian-clang 1.0 2.04 25.86 27.90 NOTE
r-devel-linux-x86_64-debian-gcc 1.0 1.53 19.69 21.22 NOTE
r-devel-linux-x86_64-fedora-clang 1.0 41.57 OK
r-devel-linux-x86_64-fedora-gcc 1.0 40.62 OK
r-devel-windows-x86_64 1.0 3.00 44.00 47.00 OK
r-patched-linux-x86_64 1.0 2.42 24.00 26.42 OK
r-release-linux-x86_64 1.0 2.07 24.29 26.36 OK
r-release-macos-arm64 1.0 1.00 16.00 17.00 OK
r-release-macos-x86_64 1.0 3.00 36.00 39.00 OK
r-release-windows-x86_64 1.0 3.00 43.00 46.00 OK
r-oldrel-macos-arm64 1.0 1.00 14.00 15.00 OK
r-oldrel-macos-x86_64 1.0 2.00 30.00 32.00 OK
r-oldrel-windows-x86_64 1.0 3.00 44.00 47.00 OK

Check Details

Version: 1.0
Check: CRAN incoming feasibility
Result: NOTE Maintainer: ‘Xiaoshu Zhu <xiaoshuzhu@westat.com>’ No Authors@R field in DESCRIPTION. Please add one, modifying Authors@R: c(person(given = "Xiaoshu", family = "Zhu", role = c("aut", "cre"), email = "xiaoshuzhu@westat.com"), person(given = "Sharon", family = "Lohr", role = "aut")) as necessary. Flavors: r-devel-linux-x86_64-debian-clang, r-devel-linux-x86_64-debian-gcc

These binaries (installable software) and packages are in development.
They may not be fully stable and should be used with caution. We make no claims about them.