Last updated on 2025-05-01 14:49:22 CEST.
Flavor | Version | Tinstall | Tcheck | Ttotal | Status | Flags |
---|---|---|---|---|---|---|
r-devel-linux-x86_64-debian-clang | 1.1.0 | 13.71 | 235.18 | 248.89 | NOTE | |
r-devel-linux-x86_64-debian-gcc | 1.1.0 | 8.45 | 154.96 | 163.41 | OK | |
r-devel-linux-x86_64-fedora-clang | 1.1.0 | 370.53 | OK | |||
r-devel-linux-x86_64-fedora-gcc | 1.1.0 | 390.12 | OK | |||
r-devel-windows-x86_64 | 1.1.0 | 14.00 | 229.00 | 243.00 | OK | |
r-patched-linux-x86_64 | 1.1.0 | 12.53 | 219.84 | 232.37 | OK | |
r-release-linux-x86_64 | OK | |||||
r-release-macos-arm64 | 1.1.0 | 145.00 | OK | |||
r-release-macos-x86_64 | 1.1.0 | 184.00 | OK | |||
r-release-windows-x86_64 | 1.1.0 | 15.00 | 233.00 | 248.00 | OK | |
r-oldrel-macos-arm64 | 1.1.0 | 98.00 | OK | |||
r-oldrel-macos-x86_64 | 1.1.0 | 194.00 | OK | |||
r-oldrel-windows-x86_64 | 1.1.0 | 18.00 | 312.00 | 330.00 | OK |
Version: 1.1.0
Check: examples
Result: NOTE
Examples with CPU (user + system) or elapsed time > 5s
user system elapsed
process_file 7.958 0.153 11.162
generate_plate_report 7.741 0.247 10.831
generate_levey_jennings_report 6.615 0.269 8.894
plot_standard_curve_stacked 6.189 0.004 7.094
plot_levey_jennings 6.076 0.040 8.258
Flavor: r-devel-linux-x86_64-debian-clang
Version: 1.1.0
Check: examples
Result: NA
user system elapsed
process_file 5.079 0.198 7.260
generate_plate_report 4.916 0.238 6.648
generate_levey_jennings_report 4.354 0.219 6.754
OK
Flavor: r-devel-linux-x86_64-debian-gcc
These binaries (installable software) and packages are in development.
They may not be fully stable and should be used with caution. We make no claims about them.