CRAN Package Check Results for Package SetTest

Last updated on 2025-05-08 04:52:18 CEST.

Flavor Version Tinstall Tcheck Ttotal Status Flags
r-devel-linux-x86_64-debian-clang 0.3.0 3.20 24.06 27.26 NOTE
r-devel-linux-x86_64-debian-gcc 0.3.0 2.33 18.95 21.28 NOTE
r-devel-linux-x86_64-fedora-clang 0.3.0 41.95 OK
r-devel-linux-x86_64-fedora-gcc 0.3.0 39.75 OK
r-devel-windows-x86_64 0.3.0 3.00 43.00 46.00 OK
r-patched-linux-x86_64 0.3.0 3.02 22.76 25.78 OK
r-release-linux-x86_64 0.3.0 2.98 22.96 25.94 OK
r-release-macos-arm64 0.3.0 18.00 OK
r-release-macos-x86_64 0.3.0 36.00 OK
r-release-windows-x86_64 0.3.0 3.00 43.00 46.00 OK
r-oldrel-macos-arm64 0.3.0 17.00 OK
r-oldrel-macos-x86_64 0.3.0 40.00 OK
r-oldrel-windows-x86_64 0.3.0 5.00 42.00 47.00 OK

Check Details

Version: 0.3.0
Check: CRAN incoming feasibility
Result: NOTE Maintainer: ‘Hong Zhang <hzhang@wpi.edu>’ No Authors@R field in DESCRIPTION. Please add one, modifying Authors@R: c(person(given = "Hong", family = "Zhang", role = c("aut", "cre"), email = "hzhang@wpi.edu"), person(given = "Zheyang", family = "Wu", role = "aut")) as necessary. Flavors: r-devel-linux-x86_64-debian-clang, r-devel-linux-x86_64-debian-gcc

These binaries (installable software) and packages are in development.
They may not be fully stable and should be used with caution. We make no claims about them.