Last updated on 2025-02-19 16:51:04 CET.
Flavor | Version | Tinstall | Tcheck | Ttotal | Status | Flags |
---|---|---|---|---|---|---|
r-devel-linux-x86_64-debian-clang | 5.0.2 | 45.32 | 189.90 | 235.22 | OK | |
r-devel-linux-x86_64-debian-gcc | 5.0.2 | 32.12 | 126.67 | 158.79 | OK | |
r-devel-linux-x86_64-fedora-clang | 5.0.2 | 391.87 | OK | |||
r-devel-linux-x86_64-fedora-gcc | 5.0.2 | 392.02 | OK | |||
r-devel-macos-arm64 | 5.0.2 | 90.00 | OK | |||
r-devel-macos-x86_64 | 5.0.2 | 214.00 | OK | |||
r-devel-windows-x86_64 | 5.0.2 | 53.00 | 256.00 | 309.00 | OK | |
r-patched-linux-x86_64 | 5.0.2 | 52.55 | 176.05 | 228.60 | NOTE | |
r-release-linux-x86_64 | 5.0.2 | 44.41 | 176.19 | 220.60 | NOTE | |
r-release-macos-arm64 | 5.0.2 | 89.00 | NOTE | |||
r-release-macos-x86_64 | 5.0.2 | 137.00 | NOTE | |||
r-release-windows-x86_64 | 5.0.2 | 49.00 | 4.00 | 53.00 | FAIL | |
r-oldrel-macos-arm64 | 5.0.2 | 88.00 | NOTE | |||
r-oldrel-macos-x86_64 | 5.0.2 | 267.00 | NOTE | |||
r-oldrel-windows-x86_64 | 5.0.2 | 68.00 | 312.00 | 380.00 | NOTE |
Version: 5.0.2
Check: package dependencies
Result: NOTE
Package suggested but not available for checking: ‘BPCells’
Flavors: r-patched-linux-x86_64, r-release-linux-x86_64, r-release-macos-arm64, r-release-macos-x86_64, r-oldrel-windows-x86_64
Version: 5.0.2
Check: package dependencies
Result: FAIL
Flavor: r-release-windows-x86_64
Version: 5.0.2
Check: package dependencies
Result: NOTE
Packages suggested but not available for checking: 'HDF5Array', 'BPCells'
Flavors: r-oldrel-macos-arm64, r-oldrel-macos-x86_64
These binaries (installable software) and packages are in development.
They may not be fully stable and should be used with caution. We make no claims about them.