CRAN Package Check Results for Package SharkDemography

Last updated on 2025-05-01 08:52:46 CEST.

Flavor Version Tinstall Tcheck Ttotal Status Flags
r-devel-linux-x86_64-debian-clang 1.1.0 7.64 55.94 63.58 NOTE
r-devel-linux-x86_64-debian-gcc 1.1.0 4.83 40.39 45.22 OK
r-devel-linux-x86_64-fedora-clang 1.1.0 98.64 OK
r-devel-linux-x86_64-fedora-gcc 1.1.0 99.82 OK
r-devel-windows-x86_64 1.1.0 10.00 68.00 78.00 OK
r-patched-linux-x86_64 1.1.0 6.68 52.16 58.84 OK
r-release-linux-x86_64 OK
r-release-macos-arm64 1.1.0 53.00 OK
r-release-macos-x86_64 1.1.0 53.00 OK
r-release-windows-x86_64 1.1.0 9.00 71.00 80.00 OK
r-oldrel-macos-arm64 1.1.0 31.00 OK
r-oldrel-macos-x86_64 1.1.0 44.00 OK
r-oldrel-windows-x86_64 1.1.0 12.00 83.00 95.00 OK

Check Details

Version: 1.1.0
Check: examples
Result: NOTE Examples with CPU (user + system) or elapsed time > 5s user system elapsed Simulate_F_critical 3.785 0.073 5.179 Flavor: r-devel-linux-x86_64-debian-clang

These binaries (installable software) and packages are in development.
They may not be fully stable and should be used with caution. We make no claims about them.