Last updated on 2025-02-16 10:50:58 CET.
Flavor | Version | Tinstall | Tcheck | Ttotal | Status | Flags |
---|---|---|---|---|---|---|
r-devel-linux-x86_64-debian-clang | 0.4.0 | 3.42 | 39.54 | 42.96 | NOTE | |
r-devel-linux-x86_64-debian-gcc | 0.4.0 | 3.04 | 28.61 | 31.65 | NOTE | |
r-devel-linux-x86_64-fedora-clang | 0.4.0 | 78.60 | NOTE | |||
r-devel-linux-x86_64-fedora-gcc | 0.4.0 | 73.84 | NOTE | |||
r-devel-macos-arm64 | 0.4.0 | 28.00 | NOTE | |||
r-devel-macos-x86_64 | 0.4.0 | 45.00 | NOTE | |||
r-devel-windows-x86_64 | 0.4.0 | 6.00 | 68.00 | 74.00 | NOTE | |
r-patched-linux-x86_64 | 0.4.0 | 4.53 | 37.33 | 41.86 | NOTE | |
r-release-linux-x86_64 | 0.4.0 | 4.01 | 37.46 | 41.47 | NOTE | |
r-release-macos-arm64 | 0.4.0 | 26.00 | NOTE | |||
r-release-macos-x86_64 | 0.4.0 | 36.00 | NOTE | |||
r-release-windows-x86_64 | 0.4.0 | 6.00 | 68.00 | 74.00 | NOTE | |
r-oldrel-macos-arm64 | 0.4.0 | 26.00 | OK | |||
r-oldrel-macos-x86_64 | 0.4.0 | 38.00 | OK | |||
r-oldrel-windows-x86_64 | 0.4.0 | 7.00 | 69.00 | 76.00 | OK |
Version: 0.4.0
Check: Rd files
Result: NOTE
checkRd: (-1) age_corr.Rd:15: Lost braces
15 | \item{plot}{Should the results be plotted? (/code{TRUE/FALSE})}
| ^
checkRd: (-1) age_corr.Rd:17: Lost braces
17 | \item{agecorrection}{Correct for jumps in age (/code{TRUE}) or
| ^
checkRd: (-1) age_corr.Rd:18: Lost braces
18 | only for starting time (/code{FALSE})}
| ^
Flavors: r-devel-linux-x86_64-debian-clang, r-devel-linux-x86_64-debian-gcc, r-devel-linux-x86_64-fedora-clang, r-devel-linux-x86_64-fedora-gcc, r-devel-macos-arm64, r-devel-macos-x86_64, r-devel-windows-x86_64, r-patched-linux-x86_64, r-release-linux-x86_64, r-release-macos-arm64, r-release-macos-x86_64, r-release-windows-x86_64
These binaries (installable software) and packages are in development.
They may not be fully stable and should be used with caution. We make no claims about them.