Last updated on 2025-02-07 10:49:32 CET.
Flavor | Version | Tinstall | Tcheck | Ttotal | Status | Flags |
---|---|---|---|---|---|---|
r-devel-linux-x86_64-debian-clang | 1.0.1 | 8.47 | 75.67 | 84.14 | OK | |
r-devel-linux-x86_64-debian-gcc | 1.0.1 | 5.47 | 56.72 | 62.19 | OK | |
r-devel-linux-x86_64-fedora-clang | 1.0.1 | 138.90 | OK | |||
r-devel-linux-x86_64-fedora-gcc | 1.0.1 | 140.56 | OK | |||
r-devel-windows-x86_64 | 1.0.1 | 10.00 | 96.00 | 106.00 | OK | |
r-patched-linux-x86_64 | 1.0.1 | 7.80 | 71.69 | 79.49 | OK | |
r-release-linux-x86_64 | 1.0.1 | 7.81 | 71.45 | 79.26 | OK | |
r-release-macos-arm64 | 1.0.1 | 47.00 | NOTE | |||
r-release-macos-x86_64 | 1.0.1 | 71.00 | NOTE | |||
r-release-windows-x86_64 | 1.0.1 | 12.00 | 92.00 | 104.00 | NOTE | |
r-oldrel-macos-arm64 | 1.0.1 | 46.00 | NOTE | |||
r-oldrel-macos-x86_64 | 1.0.1 | 84.00 | NOTE | |||
r-oldrel-windows-x86_64 | 1.0.1 | 14.00 | 113.00 | 127.00 | NOTE |
Version: 1.0.1
Check: installed package size
Result: NOTE
installed size is 6.4Mb
sub-directories of 1Mb or more:
doc 1.7Mb
extdata 4.2Mb
Flavors: r-release-macos-arm64, r-release-macos-x86_64, r-release-windows-x86_64, r-oldrel-macos-arm64, r-oldrel-macos-x86_64, r-oldrel-windows-x86_64
These binaries (installable software) and packages are in development.
They may not be fully stable and should be used with caution. We make no claims about them.