Last updated on 2025-05-08 04:52:18 CEST.
Flavor | Version | Tinstall | Tcheck | Ttotal | Status | Flags |
---|---|---|---|---|---|---|
r-devel-linux-x86_64-debian-clang | 1.0.1 | 8.93 | 77.44 | 86.37 | OK | |
r-devel-linux-x86_64-debian-gcc | 1.0.1 | 5.59 | 55.15 | 60.74 | OK | |
r-devel-linux-x86_64-fedora-clang | 1.0.1 | 136.05 | OK | |||
r-devel-linux-x86_64-fedora-gcc | 1.0.1 | 144.16 | OK | |||
r-devel-windows-x86_64 | 1.0.1 | 10.00 | 93.00 | 103.00 | OK | |
r-patched-linux-x86_64 | 1.0.1 | 8.88 | 73.42 | 82.30 | OK | |
r-release-linux-x86_64 | 1.0.1 | 8.07 | 73.58 | 81.65 | OK | |
r-release-macos-arm64 | 1.0.1 | 49.00 | OK | |||
r-release-macos-x86_64 | 1.0.1 | 81.00 | OK | |||
r-release-windows-x86_64 | 1.0.1 | 11.00 | 95.00 | 106.00 | OK | |
r-oldrel-macos-arm64 | 1.0.1 | 47.00 | NOTE | |||
r-oldrel-macos-x86_64 | 1.0.1 | 71.00 | NOTE | |||
r-oldrel-windows-x86_64 | 1.0.1 | 15.00 | 116.00 | 131.00 | NOTE |
Version: 1.0.1
Check: installed package size
Result: NOTE
installed size is 6.4Mb
sub-directories of 1Mb or more:
doc 1.7Mb
extdata 4.2Mb
Flavors: r-oldrel-macos-arm64, r-oldrel-macos-x86_64, r-oldrel-windows-x86_64
These binaries (installable software) and packages are in development.
They may not be fully stable and should be used with caution. We make no claims about them.