Last updated on 2025-02-16 10:50:58 CET.
Flavor | Version | Tinstall | Tcheck | Ttotal | Status | Flags |
---|---|---|---|---|---|---|
r-devel-linux-x86_64-debian-clang | 1.5.4 | 21.87 | 161.89 | 183.76 | OK | |
r-devel-linux-x86_64-debian-gcc | 1.5.4 | 15.70 | 111.88 | 127.58 | OK | |
r-devel-linux-x86_64-fedora-clang | 1.5.4 | 302.02 | OK | |||
r-devel-linux-x86_64-fedora-gcc | 1.5.4 | 299.85 | OK | |||
r-devel-macos-arm64 | 1.5.4 | 53.00 | OK | |||
r-devel-macos-x86_64 | 1.5.4 | 158.00 | OK | |||
r-devel-windows-x86_64 | 1.5.4 | 23.00 | 172.00 | 195.00 | OK | |
r-patched-linux-x86_64 | 1.5.4 | 21.19 | 148.61 | 169.80 | OK | |
r-release-linux-x86_64 | 1.5.4 | 24.11 | 150.79 | 174.90 | OK | |
r-release-macos-arm64 | 1.5.4 | 84.00 | OK | |||
r-release-macos-x86_64 | 1.5.4 | 194.00 | OK | |||
r-release-windows-x86_64 | 1.5.4 | 25.00 | 170.00 | 195.00 | OK | |
r-oldrel-macos-arm64 | 1.5.2 | 80.00 | OK | |||
r-oldrel-macos-x86_64 | 1.5.4 | 241.00 | NOTE | |||
r-oldrel-windows-x86_64 | 1.5.4 | 34.00 | 205.00 | 239.00 | OK |
Version: 1.5.4
Check: installed package size
Result: NOTE
installed size is 5.0Mb
sub-directories of 1Mb or more:
ShinyItemAnalysis 2.3Mb
data 2.0Mb
Flavor: r-oldrel-macos-x86_64
These binaries (installable software) and packages are in development.
They may not be fully stable and should be used with caution. We make no claims about them.