Last updated on 2025-02-16 10:50:58 CET.
Flavor | Version | Tinstall | Tcheck | Ttotal | Status | Flags |
---|---|---|---|---|---|---|
r-devel-linux-x86_64-debian-clang | 1.1.3.11 | 1.93 | 18.53 | 20.46 | OK | |
r-devel-linux-x86_64-debian-gcc | 1.1.3.11 | 1.40 | 15.12 | 16.52 | OK | |
r-devel-linux-x86_64-fedora-clang | 1.1.3.11 | 33.06 | OK | |||
r-devel-linux-x86_64-fedora-gcc | 1.1.3.11 | 30.29 | OK | |||
r-devel-macos-arm64 | 1.1.3.11 | 16.00 | OK | |||
r-devel-macos-x86_64 | 1.1.3.11 | 29.00 | ERROR | |||
r-devel-windows-x86_64 | 1.1.3.11 | 4.00 | 41.00 | 45.00 | OK | |
r-patched-linux-x86_64 | 1.1.3.11 | 1.99 | 17.98 | 19.97 | OK | |
r-release-linux-x86_64 | 1.1.3.11 | 1.77 | 17.78 | 19.55 | OK | |
r-release-macos-arm64 | 1.1.3.11 | 16.00 | OK | |||
r-release-macos-x86_64 | 1.1.3.11 | 30.00 | OK | |||
r-release-windows-x86_64 | 1.1.3.11 | 4.00 | 40.00 | 44.00 | OK | |
r-oldrel-macos-arm64 | 1.1.3.11 | 20.00 | OK | |||
r-oldrel-macos-x86_64 | 1.1.3.11 | 32.00 | OK | |||
r-oldrel-windows-x86_64 | 1.1.3.11 | 3.00 | 46.00 | 49.00 | OK |
Version: 1.1.3.11
Check: tests
Result: ERROR
Running ‘testthat.R’ [0s/0s]
Running the tests in ‘tests/testthat.R’ failed.
Complete output:
> shinytest2::test_app()
Error in loadNamespace(x) : there is no package called 'shinytest2'
Calls: loadNamespace -> withRestarts -> withOneRestart -> doWithOneRestart
Execution halted
Flavor: r-devel-macos-x86_64
These binaries (installable software) and packages are in development.
They may not be fully stable and should be used with caution. We make no claims about them.