Last updated on 2025-05-01 08:52:46 CEST.
Flavor | Version | Tinstall | Tcheck | Ttotal | Status | Flags |
---|---|---|---|---|---|---|
r-devel-linux-x86_64-debian-clang | 0.5.6 | 11.29 | 119.07 | 130.36 | NOTE | |
r-devel-linux-x86_64-debian-gcc | 0.5.6 | 7.10 | 90.86 | 97.96 | OK | |
r-devel-linux-x86_64-fedora-clang | 0.5.6 | 245.22 | OK | |||
r-devel-linux-x86_64-fedora-gcc | 0.5.6 | 198.66 | OK | |||
r-devel-windows-x86_64 | 0.5.6 | 12.00 | 143.00 | 155.00 | OK | |
r-patched-linux-x86_64 | 0.5.6 | 10.91 | 120.88 | 131.79 | OK | |
r-release-linux-x86_64 | OK | |||||
r-release-macos-arm64 | 0.5.6 | 49.00 | OK | |||
r-release-macos-x86_64 | 0.5.6 | 133.00 | OK | |||
r-release-windows-x86_64 | 0.5.6 | 12.00 | 143.00 | 155.00 | OK | |
r-oldrel-macos-arm64 | 0.5.6 | 51.00 | OK | |||
r-oldrel-macos-x86_64 | 0.5.6 | 98.00 | OK | |||
r-oldrel-windows-x86_64 | 0.5.6 | 16.00 | 195.00 | 211.00 | OK |
Version: 0.5.6
Check: examples
Result: NOTE
Examples with CPU (user + system) or elapsed time > 5s
user system elapsed
tabu.sem 4.487 0.059 5.949
tabuShortForm 0.208 0.003 5.865
Flavor: r-devel-linux-x86_64-debian-clang
These binaries (installable software) and packages are in development.
They may not be fully stable and should be used with caution. We make no claims about them.