Last updated on 2025-02-16 10:50:58 CET.
Flavor | Version | Tinstall | Tcheck | Ttotal | Status | Flags |
---|---|---|---|---|---|---|
r-devel-linux-x86_64-debian-clang | 1.4.0 | 19.73 | 29.49 | 49.22 | NOTE | |
r-devel-linux-x86_64-debian-gcc | 1.4.0 | 14.79 | 22.22 | 37.01 | NOTE | |
r-devel-linux-x86_64-fedora-clang | 1.4.0 | 89.94 | NOTE | |||
r-devel-linux-x86_64-fedora-gcc | 1.4.0 | 84.32 | NOTE | |||
r-devel-macos-arm64 | 1.4.0 | 26.00 | NOTE | |||
r-devel-macos-x86_64 | 1.4.0 | 58.00 | NOTE | |||
r-devel-windows-x86_64 | 1.4.0 | 23.00 | 68.00 | 91.00 | NOTE | |
r-patched-linux-x86_64 | 1.4.0 | 19.22 | 26.78 | 46.00 | NOTE | |
r-release-linux-x86_64 | 1.4.0 | 18.80 | 26.75 | 45.55 | NOTE | |
r-release-macos-arm64 | 1.4.0 | 28.00 | NOTE | |||
r-release-macos-x86_64 | 1.4.0 | 49.00 | NOTE | |||
r-release-windows-x86_64 | 1.4.0 | 23.00 | 76.00 | 99.00 | NOTE | |
r-oldrel-macos-arm64 | 1.4.0 | 28.00 | NOTE | |||
r-oldrel-macos-x86_64 | 1.4.0 | 44.00 | NOTE | |||
r-oldrel-windows-x86_64 | 1.4.0 | 27.00 | 81.00 | 108.00 | NOTE |
Version: 1.4.0
Check: C++ specification
Result: NOTE
Specified C++11: please drop specification unless essential
Flavors: r-devel-linux-x86_64-debian-clang, r-devel-linux-x86_64-debian-gcc, r-devel-linux-x86_64-fedora-clang, r-devel-linux-x86_64-fedora-gcc, r-devel-macos-arm64, r-devel-macos-x86_64, r-devel-windows-x86_64, r-patched-linux-x86_64, r-release-linux-x86_64, r-release-macos-arm64, r-release-macos-x86_64, r-release-windows-x86_64, r-oldrel-macos-arm64, r-oldrel-macos-x86_64, r-oldrel-windows-x86_64
These binaries (installable software) and packages are in development.
They may not be fully stable and should be used with caution. We make no claims about them.