CRAN Package Check Results for Package ShrinkageTrees

Last updated on 2025-10-03 13:49:47 CEST.

Flavor Version Tinstall Tcheck Ttotal Status Flags
r-devel-linux-x86_64-debian-clang 1.0.0 62.62 41.81 104.43 OK
r-devel-linux-x86_64-debian-gcc 1.0.0 39.25 31.56 70.81 OK
r-devel-linux-x86_64-fedora-clang 1.0.0 194.11 OK
r-devel-linux-x86_64-fedora-gcc 1.0.0 172.66 OK
r-devel-windows-x86_64 1.0.0 66.00 80.00 146.00 OK
r-patched-linux-x86_64 1.0.0 59.73 38.92 98.65 OK
r-release-linux-x86_64 1.0.0 60.09 38.45 98.54 OK
r-release-macos-arm64 1.0.0 44.00 OK
r-release-macos-x86_64 1.0.0 73.00 OK
r-release-windows-x86_64 1.0.0 67.00 82.00 149.00 OK
r-oldrel-macos-arm64 1.0.0 48.00 NOTE
r-oldrel-macos-x86_64 1.0.0 68.00 NOTE
r-oldrel-windows-x86_64 1.0.0 62.00 95.00 157.00 OK

Check Details

Version: 1.0.0
Check: installed package size
Result: NOTE installed size is 5.3Mb sub-directories of 1Mb or more: data 2.4Mb libs 2.7Mb Flavors: r-oldrel-macos-arm64, r-oldrel-macos-x86_64

These binaries (installable software) and packages are in development.
They may not be fully stable and should be used with caution. We make no claims about them.