CRAN Package Check Results for Package SiER

Last updated on 2025-11-11 15:50:47 CET.

Flavor Version Tinstall Tcheck Ttotal Status Flags
r-devel-linux-x86_64-debian-clang 0.1.0 2.08 27.46 29.54 NOTE
r-devel-linux-x86_64-debian-gcc 0.1.0 1.79 21.59 23.38 NOTE
r-devel-linux-x86_64-fedora-clang 0.1.0 43.29 OK
r-devel-linux-x86_64-fedora-gcc 0.1.0 42.30 OK
r-devel-windows-x86_64 0.1.0 3.00 51.00 54.00 OK
r-patched-linux-x86_64 0.1.0 2.39 27.75 30.14 OK
r-release-linux-x86_64 0.1.0 2.33 27.25 29.58 OK
r-release-macos-arm64 0.1.0 1.00 17.00 18.00 OK
r-release-macos-x86_64 0.1.0 2.00 30.00 32.00 OK
r-release-windows-x86_64 0.1.0 3.00 51.00 54.00 OK
r-oldrel-macos-arm64 0.1.0 1.00 17.00 18.00 NOTE
r-oldrel-macos-x86_64 0.1.0 2.00 24.00 26.00 NOTE
r-oldrel-windows-x86_64 0.1.0 3.00 54.00 57.00 NOTE

Check Details

Version: 0.1.0
Check: CRAN incoming feasibility
Result: NOTE Maintainer: ‘Ruiyan Luo <rluo@gsu.edu>’ No Authors@R field in DESCRIPTION. Please add one, modifying Authors@R: c(person(family = "Ruiyan", role = c("aut", "cre"), email = "rluo@gsu.edu"), person(given = "Xin", family = "Qi", role = "aut")) as necessary. Flavors: r-devel-linux-x86_64-debian-clang, r-devel-linux-x86_64-debian-gcc

Version: 0.1.0
Check: LazyData
Result: NOTE 'LazyData' is specified without a 'data' directory Flavors: r-oldrel-macos-arm64, r-oldrel-macos-x86_64, r-oldrel-windows-x86_64

These binaries (installable software) and packages are in development.
They may not be fully stable and should be used with caution. We make no claims about them.