Last updated on 2025-02-16 10:50:58 CET.
Flavor | Version | Tinstall | Tcheck | Ttotal | Status | Flags |
---|---|---|---|---|---|---|
r-devel-linux-x86_64-debian-clang | 1.1.0 | 15.12 | 69.63 | 84.75 | NOTE | |
r-devel-linux-x86_64-debian-gcc | 1.1.0 | 11.59 | 46.33 | 57.92 | NOTE | |
r-devel-linux-x86_64-fedora-clang | 1.1.0 | 146.82 | NOTE | |||
r-devel-linux-x86_64-fedora-gcc | 1.1.0 | 149.92 | NOTE | |||
r-devel-macos-arm64 | 1.1.0 | 43.00 | NOTE | |||
r-devel-macos-x86_64 | 1.1.0 | 78.00 | NOTE | |||
r-devel-windows-x86_64 | 1.1.0 | 17.00 | 94.00 | 111.00 | NOTE | |
r-patched-linux-x86_64 | 1.1.0 | 16.35 | 64.45 | 80.80 | NOTE | |
r-release-linux-x86_64 | 1.1.0 | 15.82 | 65.32 | 81.14 | NOTE | |
r-release-macos-arm64 | 1.1.0 | 44.00 | NOTE | |||
r-release-macos-x86_64 | 1.1.0 | 64.00 | NOTE | |||
r-release-windows-x86_64 | 1.1.0 | 17.00 | 97.00 | 114.00 | NOTE | |
r-oldrel-macos-arm64 | 1.1.0 | 51.00 | OK | |||
r-oldrel-macos-x86_64 | 1.1.0 | 88.00 | OK | |||
r-oldrel-windows-x86_64 | 1.1.0 | 24.00 | 115.00 | 139.00 | OK |
Version: 1.1.0
Check: Rd files
Result: NOTE
checkRd: (-1) sim.bdh.age.Rd:66: Lost braces in \itemize; meant \describe ?
checkRd: (-1) sim.bdh.age.Rd:67: Lost braces in \itemize; meant \describe ?
checkRd: (-1) sim.bdh.age.Rd:68: Lost braces in \itemize; meant \describe ?
checkRd: (-1) sim.bdh.age.Rd:69: Lost braces in \itemize; meant \describe ?
checkRd: (-1) sim.bdh.age.Rd:70: Lost braces in \itemize; meant \describe ?
checkRd: (-1) sim.bdh.taxa.gsa.Rd:69: Lost braces in \itemize; meant \describe ?
checkRd: (-1) sim.bdh.taxa.gsa.Rd:70: Lost braces in \itemize; meant \describe ?
checkRd: (-1) sim.bdh.taxa.gsa.Rd:71: Lost braces in \itemize; meant \describe ?
checkRd: (-1) sim.bdh.taxa.gsa.Rd:72: Lost braces in \itemize; meant \describe ?
checkRd: (-1) sim.bdh.taxa.gsa.Rd:73: Lost braces in \itemize; meant \describe ?
checkRd: (-1) sim.bdh.taxa.ssa.Rd:66: Lost braces in \itemize; meant \describe ?
checkRd: (-1) sim.bdh.taxa.ssa.Rd:67: Lost braces in \itemize; meant \describe ?
checkRd: (-1) sim.bdh.taxa.ssa.Rd:68: Lost braces in \itemize; meant \describe ?
checkRd: (-1) sim.bdh.taxa.ssa.Rd:69: Lost braces in \itemize; meant \describe ?
checkRd: (-1) sim.bdh.taxa.ssa.Rd:70: Lost braces in \itemize; meant \describe ?
Flavors: r-devel-linux-x86_64-debian-clang, r-devel-linux-x86_64-debian-gcc, r-devel-linux-x86_64-fedora-clang, r-devel-linux-x86_64-fedora-gcc, r-devel-macos-arm64, r-devel-macos-x86_64, r-devel-windows-x86_64, r-patched-linux-x86_64, r-release-linux-x86_64, r-release-macos-arm64, r-release-macos-x86_64, r-release-windows-x86_64
These binaries (installable software) and packages are in development.
They may not be fully stable and should be used with caution. We make no claims about them.