Last updated on 2025-05-01 12:49:41 CEST.
Flavor | Version | Tinstall | Tcheck | Ttotal | Status | Flags |
---|---|---|---|---|---|---|
r-devel-linux-x86_64-debian-clang | 0.1-8 | 3.21 | 38.32 | 41.53 | NOTE | |
r-devel-linux-x86_64-debian-gcc | 0.1-8 | 2.18 | 28.33 | 30.51 | NOTE | |
r-devel-linux-x86_64-fedora-clang | 0.1-8 | 63.70 | NOTE | |||
r-devel-linux-x86_64-fedora-gcc | 0.1-8 | 65.49 | NOTE | |||
r-devel-windows-x86_64 | 0.1-8 | 4.00 | 56.00 | 60.00 | NOTE | |
r-patched-linux-x86_64 | 0.1-8 | 2.85 | 35.94 | 38.79 | NOTE | |
r-release-linux-x86_64 | NOTE | |||||
r-release-macos-arm64 | 0.1-8 | 23.00 | NOTE | |||
r-release-macos-x86_64 | 0.1-8 | 38.00 | NOTE | |||
r-release-windows-x86_64 | 0.1-8 | 5.00 | 58.00 | 63.00 | NOTE | |
r-oldrel-macos-arm64 | 0.1-8 | 23.00 | OK | |||
r-oldrel-macos-x86_64 | 0.1-8 | 32.00 | OK | |||
r-oldrel-windows-x86_64 | 0.1-8 | 6.00 | 64.00 | 70.00 | OK |
Version: 0.1-8
Check: DESCRIPTION meta-information
Result: NOTE
Missing dependency on R >= 4.1.0 because package code uses the pipe
|> or function shorthand \(...) syntax added in R 4.1.0.
File(s) using such syntax:
‘SiZer.R’
Flavors: r-devel-linux-x86_64-debian-clang, r-devel-linux-x86_64-debian-gcc, r-devel-linux-x86_64-fedora-clang, r-devel-linux-x86_64-fedora-gcc, r-devel-windows-x86_64, r-patched-linux-x86_64, r-release-linux-x86_64, r-release-macos-arm64, r-release-macos-x86_64, r-release-windows-x86_64
These binaries (installable software) and packages are in development.
They may not be fully stable and should be used with caution. We make no claims about them.