CRAN Package Check Results for Package SigOptR

Last updated on 2025-10-03 13:49:48 CEST.

Flavor Version Tinstall Tcheck Ttotal Status Flags
r-devel-linux-x86_64-debian-clang 0.0.1 1.69 18.83 20.52 NOTE
r-devel-linux-x86_64-debian-gcc 0.0.1 1.34 15.38 16.72 NOTE
r-devel-linux-x86_64-fedora-clang 0.0.1 30.70 OK
r-devel-linux-x86_64-fedora-gcc 0.0.1 28.20 OK
r-devel-windows-x86_64 0.0.1 3.00 41.00 44.00 OK
r-patched-linux-x86_64 0.0.1 1.55 18.20 19.75 OK
r-release-linux-x86_64 0.0.1 1.75 17.84 19.59 OK
r-release-macos-arm64 0.0.1 16.00 OK
r-release-macos-x86_64 0.0.1 23.00 OK
r-release-windows-x86_64 0.0.1 3.00 40.00 43.00 OK
r-oldrel-macos-arm64 0.0.1 17.00 NOTE
r-oldrel-macos-x86_64 0.0.1 20.00 NOTE
r-oldrel-windows-x86_64 0.0.1 4.00 44.00 48.00 NOTE

Check Details

Version: 0.0.1
Check: CRAN incoming feasibility
Result: NOTE Maintainer: ‘Alexandra Johnson <alexandra@sigopt.com>’ No Authors@R field in DESCRIPTION. Please add one, modifying Authors@R: person(given = "Alexandra", family = "Johnson", role = c("aut", "cre"), email = "alexandra@sigopt.com") as necessary. Flavors: r-devel-linux-x86_64-debian-clang, r-devel-linux-x86_64-debian-gcc

Version: 0.0.1
Check: LazyData
Result: NOTE 'LazyData' is specified without a 'data' directory Flavors: r-oldrel-macos-arm64, r-oldrel-macos-x86_64, r-oldrel-windows-x86_64

These binaries (installable software) and packages are in development.
They may not be fully stable and should be used with caution. We make no claims about them.