Last updated on 2025-07-24 09:50:12 CEST.
Flavor | Version | Tinstall | Tcheck | Ttotal | Status | Flags |
---|---|---|---|---|---|---|
r-devel-linux-x86_64-debian-clang | 1.14.0 | 63.25 | 351.49 | 414.74 | OK | |
r-devel-linux-x86_64-debian-gcc | 1.14.0 | 45.42 | 246.35 | 291.77 | OK | |
r-devel-linux-x86_64-fedora-clang | 1.14.0 | 720.14 | OK | |||
r-devel-linux-x86_64-fedora-gcc | 1.14.0 | 655.73 | OK | |||
r-devel-windows-x86_64 | 1.14.0 | 70.00 | 334.00 | 404.00 | OK | |
r-patched-linux-x86_64 | 1.14.0 | 61.99 | 327.68 | 389.67 | OK | |
r-release-linux-x86_64 | 1.14.0 | 60.42 | 326.76 | 387.18 | OK | |
r-release-macos-arm64 | 1.14.0 | 162.00 | OK | |||
r-release-macos-x86_64 | 1.14.0 | 323.00 | OK | |||
r-release-windows-x86_64 | 1.14.0 | 70.00 | 340.00 | 410.00 | OK | |
r-oldrel-macos-arm64 | 1.14.0 | 171.00 | NOTE | |||
r-oldrel-macos-x86_64 | 1.14.0 | 496.00 | NOTE | |||
r-oldrel-windows-x86_64 | 1.14.0 | 91.00 | 456.00 | 547.00 | OK |
Version: 1.14.0
Check: installed package size
Result: NOTE
installed size is 5.1Mb
sub-directories of 1Mb or more:
R 2.1Mb
libs 1.9Mb
Flavors: r-oldrel-macos-arm64, r-oldrel-macos-x86_64
These binaries (installable software) and packages are in development.
They may not be fully stable and should be used with caution. We make no claims about them.