Last updated on 2025-10-30 13:48:50 CET.
| Flavor | Version | Tinstall | Tcheck | Ttotal | Status | Flags |
|---|---|---|---|---|---|---|
| r-devel-linux-x86_64-debian-clang | 2.2.5 | 7.60 | 83.47 | 91.07 | NOTE | |
| r-devel-linux-x86_64-debian-gcc | 2.2.5 | 5.37 | 64.72 | 70.09 | NOTE | |
| r-devel-linux-x86_64-fedora-clang | 2.2.5 | 56.00 | 86.84 | 142.84 | OK | |
| r-devel-linux-x86_64-fedora-gcc | 2.2.5 | 60.00 | 103.01 | 163.01 | OK | |
| r-devel-windows-x86_64 | 2.2.5 | 10.00 | 95.00 | 105.00 | OK | |
| r-patched-linux-x86_64 | 2.2.5 | 6.52 | 78.58 | 85.10 | OK | |
| r-release-linux-x86_64 | 2.2.5 | 8.59 | 78.70 | 87.29 | OK | |
| r-release-macos-arm64 | 2.2.5 | 3.00 | 53.00 | 56.00 | OK | |
| r-release-macos-x86_64 | 2.2.5 | 6.00 | 80.00 | 86.00 | OK | |
| r-release-windows-x86_64 | 2.2.5 | 10.00 | 98.00 | 108.00 | OK | |
| r-oldrel-macos-arm64 | 2.2.5 | 3.00 | 50.00 | 53.00 | OK | |
| r-oldrel-macos-x86_64 | 2.2.5 | 5.00 | 75.00 | 80.00 | OK | |
| r-oldrel-windows-x86_64 | 2.2.5 | 12.00 | 119.00 | 131.00 | OK |
Version: 2.2.5
Check: CRAN incoming feasibility
Result: NOTE
Maintainer: ‘Mathew Chamberlain <chamberlainphd@gmail.com>’
Package CITATION file contains call(s) to old-style personList() or
as.personList(). Please use c() on person objects instead.
Package CITATION file contains call(s) to old-style citEntry(). Please
use bibentry() instead.
Flavors: r-devel-linux-x86_64-debian-clang, r-devel-linux-x86_64-debian-gcc
These binaries (installable software) and packages are in development.
They may not be fully stable and should be used with caution. We make no claims about them.