Last updated on 2025-11-11 15:50:47 CET.
| Flavor | Version | Tinstall | Tcheck | Ttotal | Status | Flags |
|---|---|---|---|---|---|---|
| r-devel-linux-x86_64-debian-clang | 4.3 | 2.19 | 28.50 | 30.69 | NOTE | |
| r-devel-linux-x86_64-debian-gcc | 4.3 | 1.81 | 22.59 | 24.40 | NOTE | |
| r-devel-linux-x86_64-fedora-clang | 4.3 | 45.56 | OK | |||
| r-devel-linux-x86_64-fedora-gcc | 4.3 | 43.64 | OK | |||
| r-devel-windows-x86_64 | 4.3 | 4.00 | 50.00 | 54.00 | OK | |
| r-patched-linux-x86_64 | 4.3 | 3.03 | 27.07 | 30.10 | OK | |
| r-release-linux-x86_64 | 4.3 | 1.93 | 27.07 | 29.00 | OK | |
| r-release-macos-arm64 | 4.3 | 2.00 | 19.00 | 21.00 | OK | |
| r-release-macos-x86_64 | 4.3 | 2.00 | 33.00 | 35.00 | OK | |
| r-release-windows-x86_64 | 4.3 | 5.00 | 51.00 | 56.00 | OK | |
| r-oldrel-macos-arm64 | 4.3 | 2.00 | 17.00 | 19.00 | OK | |
| r-oldrel-macos-x86_64 | 4.3 | 2.00 | 24.00 | 26.00 | OK | |
| r-oldrel-windows-x86_64 | 4.3 | 5.00 | 56.00 | 61.00 | OK |
Version: 4.3
Check: CRAN incoming feasibility
Result: NOTE
Maintainer: ‘Adriano Zanin Zambom <adriano.zambom@csun.edu>’
No Authors@R field in DESCRIPTION.
Please add one, modifying
Authors@R: c(person(given = "Jongwook",
family = "Kim",
role = "aut"),
person(given = c("Adriano", "Zanin"),
family = "Zambom",
role = c("aut", "cre"),
email = "adriano.zambom@csun.edu"))
as necessary.
Flavors: r-devel-linux-x86_64-debian-clang, r-devel-linux-x86_64-debian-gcc
These binaries (installable software) and packages are in development.
They may not be fully stable and should be used with caution. We make no claims about them.