Last updated on 2025-05-01 08:52:46 CEST.
Flavor | Version | Tinstall | Tcheck | Ttotal | Status | Flags |
---|---|---|---|---|---|---|
r-devel-linux-x86_64-debian-clang | 0.4.2 | 8.40 | 111.97 | 120.37 | NOTE | |
r-devel-linux-x86_64-debian-gcc | 0.4.2 | 6.46 | 84.30 | 90.76 | OK | |
r-devel-linux-x86_64-fedora-clang | 0.4.2 | 183.63 | OK | |||
r-devel-linux-x86_64-fedora-gcc | 0.4.2 | 198.01 | OK | |||
r-devel-windows-x86_64 | 0.4.2 | 12.00 | 112.00 | 124.00 | OK | |
r-patched-linux-x86_64 | 0.4.2 | 8.71 | 110.55 | 119.26 | OK | |
r-release-linux-x86_64 | OK | |||||
r-release-macos-arm64 | 0.4.2 | 60.00 | OK | |||
r-release-macos-x86_64 | 0.4.2 | 111.00 | OK | |||
r-release-windows-x86_64 | 0.4.2 | 12.00 | 112.00 | 124.00 | OK | |
r-oldrel-macos-arm64 | 0.4.2 | 63.00 | OK | |||
r-oldrel-macos-x86_64 | 0.4.2 | 151.00 | OK | |||
r-oldrel-windows-x86_64 | 0.4.2 | 14.00 | 144.00 | 158.00 | OK |
Version: 0.4.2
Check: examples
Result: NOTE
Examples with CPU (user + system) or elapsed time > 5s
user system elapsed
02-RandomSillyPutty 4.176 0.017 5.114
Flavor: r-devel-linux-x86_64-debian-clang
These binaries (installable software) and packages are in development.
They may not be fully stable and should be used with caution. We make no claims about them.