Last updated on 2025-05-01 17:56:16 CEST.
Flavor | Version | Tinstall | Tcheck | Ttotal | Status | Flags |
---|---|---|---|---|---|---|
r-devel-linux-x86_64-debian-clang | 1.0 | 2.14 | 25.34 | 27.48 | NOTE | |
r-devel-linux-x86_64-debian-gcc | 1.0 | 1.72 | 20.61 | 22.33 | NOTE | |
r-devel-linux-x86_64-fedora-clang | 1.0 | 42.48 | OK | |||
r-devel-linux-x86_64-fedora-gcc | 1.0 | 44.43 | OK | |||
r-devel-windows-x86_64 | 1.0 | 4.00 | 53.00 | 57.00 | OK | |
r-patched-linux-x86_64 | 1.0 | 2.40 | 24.53 | 26.93 | OK | |
r-release-linux-x86_64 | OK | |||||
r-release-macos-arm64 | 1.0 | 18.00 | OK | |||
r-release-macos-x86_64 | 1.0 | 32.00 | OK | |||
r-release-windows-x86_64 | 1.0 | 5.00 | 56.00 | 61.00 | OK | |
r-oldrel-macos-arm64 | 1.0 | 18.00 | OK | |||
r-oldrel-macos-x86_64 | 1.0 | 25.00 | OK | |||
r-oldrel-windows-x86_64 | 1.0 | 3.00 | 51.00 | 54.00 | OK |
Version: 1.0
Check: CRAN incoming feasibility
Result: NOTE
Maintainer: ‘Abbas Parchami <parchami@uk.ac.ir>’
No Authors@R field in DESCRIPTION.
Please add one, modifying
Authors@R: person(given = "Abbas",
family = "Parchami",
role = c("aut", "cre"),
email = "parchami@uk.ac.ir",
comment = "Department of Statistics, Faculty of Mathematics and Computer, Shahid Bahonar University of Kerman, Kerman, Iran")
as necessary.
Flavors: r-devel-linux-x86_64-debian-clang, r-devel-linux-x86_64-debian-gcc
These binaries (installable software) and packages are in development.
They may not be fully stable and should be used with caution. We make no claims about them.