CRAN Package Check Results for Package SimComp

Last updated on 2025-02-19 16:51:05 CET.

Flavor Version Tinstall Tcheck Ttotal Status Flags
r-devel-linux-x86_64-debian-clang 3.3 8.88 80.09 88.97 NOTE
r-devel-linux-x86_64-debian-gcc 3.3 6.46 59.10 65.56 NOTE
r-devel-linux-x86_64-fedora-clang 3.3 151.83 OK
r-devel-linux-x86_64-fedora-gcc 3.3 141.06 OK
r-devel-macos-arm64 3.3 47.00 OK
r-devel-macos-x86_64 3.3 84.00 OK
r-devel-windows-x86_64 3.3 10.00 98.00 108.00 NOTE
r-patched-linux-x86_64 3.3 11.85 76.44 88.29 OK
r-release-linux-x86_64 3.3 7.45 74.45 81.90 OK
r-release-macos-arm64 3.3 43.00 OK
r-release-macos-x86_64 3.3 62.00 OK
r-release-windows-x86_64 3.3 11.00 100.00 111.00 OK
r-oldrel-macos-arm64 3.3 49.00 OK
r-oldrel-macos-x86_64 3.3 75.00 OK
r-oldrel-windows-x86_64 3.3 13.00 115.00 128.00 OK

Check Details

Version: 3.3
Check: Rd cross-references
Result: NOTE Found the following Rd file(s) with Rd \link{} targets missing package anchors: ermvnorm.Rd: rmvnorm Please provide package anchors for all Rd \link{} targets not in the package itself and the base packages. Flavors: r-devel-linux-x86_64-debian-clang, r-devel-linux-x86_64-debian-gcc, r-devel-windows-x86_64

These binaries (installable software) and packages are in development.
They may not be fully stable and should be used with caution. We make no claims about them.