Last updated on 2024-07-27 15:50:34 CEST.
Flavor | Version | Tinstall | Tcheck | Ttotal | Status | Flags |
---|---|---|---|---|---|---|
r-devel-linux-x86_64-debian-clang | 3.3 | 10.61 | 102.40 | 113.01 | OK | |
r-devel-linux-x86_64-debian-gcc | 3.3 | NOTE | ||||
r-devel-linux-x86_64-fedora-clang | 3.3 | 150.55 | OK | |||
r-devel-linux-x86_64-fedora-gcc | 3.3 | 135.04 | OK | |||
r-devel-windows-x86_64 | 3.3 | 10.00 | 97.00 | 107.00 | NOTE | |
r-patched-linux-x86_64 | 3.3 | OK | ||||
r-release-linux-x86_64 | 3.3 | 10.83 | 101.28 | 112.11 | OK | |
r-release-macos-arm64 | 3.3 | 43.00 | OK | |||
r-release-macos-x86_64 | 3.3 | 62.00 | OK | |||
r-release-windows-x86_64 | 3.3 | 10.00 | 98.00 | 108.00 | OK | |
r-oldrel-macos-arm64 | 3.3 | 49.00 | OK | |||
r-oldrel-macos-x86_64 | 3.3 | 75.00 | OK | |||
r-oldrel-windows-x86_64 | 3.3 | 12.00 | 118.00 | 130.00 | OK |
Version: 3.3
Check: Rd cross-references
Result: NOTE
Found the following Rd file(s) with Rd \link{} targets missing package
anchors:
ermvnorm.Rd: rmvnorm
Please provide package anchors for all Rd \link{} targets not in the
package itself and the base packages.
Flavors: r-devel-linux-x86_64-debian-gcc, r-devel-windows-x86_64
These binaries (installable software) and packages are in development.
They may not be fully stable and should be used with caution. We make no claims about them.