Last updated on 2025-05-01 12:49:41 CEST.
Flavor | Version | Tinstall | Tcheck | Ttotal | Status | Flags |
---|---|---|---|---|---|---|
r-devel-linux-x86_64-debian-clang | 1.9.0 | 2.09 | 52.30 | 54.39 | NOTE | |
r-devel-linux-x86_64-debian-gcc | 1.9.0 | 1.83 | 38.47 | 40.30 | OK | |
r-devel-linux-x86_64-fedora-clang | 1.9.0 | 90.90 | OK | |||
r-devel-linux-x86_64-fedora-gcc | 1.9.0 | 100.16 | OK | |||
r-devel-windows-x86_64 | 1.9.0 | 4.00 | 70.00 | 74.00 | OK | |
r-patched-linux-x86_64 | 1.9.0 | 2.43 | 48.33 | 50.76 | OK | |
r-release-linux-x86_64 | OK | |||||
r-release-macos-arm64 | 1.9.0 | 34.00 | OK | |||
r-release-macos-x86_64 | 1.9.0 | 61.00 | OK | |||
r-release-windows-x86_64 | 1.9.0 | 5.00 | 70.00 | 75.00 | OK | |
r-oldrel-macos-arm64 | 1.9.0 | 34.00 | OK | |||
r-oldrel-macos-x86_64 | 1.9.0 | 49.00 | OK | |||
r-oldrel-windows-x86_64 | 1.9.0 | 4.00 | 84.00 | 88.00 | OK |
Version: 1.9.0
Check: examples
Result: NOTE
Examples with CPU (user + system) or elapsed time > 5s
user system elapsed
rmult.clm 4.099 0.007 5.037
rmult.acl 3.474 0.082 5.040
Flavor: r-devel-linux-x86_64-debian-clang
These binaries (installable software) and packages are in development.
They may not be fully stable and should be used with caution. We make no claims about them.