Last updated on 2025-04-16 00:49:53 CEST.
Flavor | Version | Tinstall | Tcheck | Ttotal | Status | Flags |
---|---|---|---|---|---|---|
r-devel-linux-x86_64-debian-clang | 0.1.1 | 16.63 | 199.78 | 216.41 | OK | |
r-devel-linux-x86_64-debian-gcc | 0.1.1 | 11.49 | 128.45 | 139.94 | OK | |
r-devel-linux-x86_64-fedora-clang | 0.1.1 | 340.60 | NOTE | |||
r-devel-linux-x86_64-fedora-gcc | 0.1.1 | 359.94 | NOTE | |||
r-devel-windows-x86_64 | 0.1.1 | 18.00 | 182.00 | 200.00 | OK | |
r-patched-linux-x86_64 | 0.1.1 | 17.64 | 189.62 | 207.26 | OK | |
r-release-linux-x86_64 | 0.1.1 | 17.37 | 189.48 | 206.85 | OK | |
r-release-macos-arm64 | 0.1.1 | 95.00 | OK | |||
r-release-macos-x86_64 | 0.1.1 | 165.00 | OK | |||
r-release-windows-x86_64 | 0.1.1 | 18.00 | 184.00 | 202.00 | OK | |
r-oldrel-macos-arm64 | 0.1.1 | 90.00 | NOTE | |||
r-oldrel-macos-x86_64 | 0.1.1 | 146.00 | NOTE | |||
r-oldrel-windows-x86_64 | 0.1.1 | 23.00 | 237.00 | 260.00 | NOTE |
Version: 0.1.1
Check: dependencies in R code
Result: NOTE
Namespaces in Imports field not imported from:
‘MASS’ ‘grid’
All declared Imports should be used.
Flavors: r-devel-linux-x86_64-fedora-clang, r-devel-linux-x86_64-fedora-gcc
Version: 0.1.1
Check: LazyData
Result: NOTE
'LazyData' is specified without a 'data' directory
Flavors: r-oldrel-macos-arm64, r-oldrel-macos-x86_64, r-oldrel-windows-x86_64
These binaries (installable software) and packages are in development.
They may not be fully stable and should be used with caution. We make no claims about them.