Last updated on 2025-02-16 10:50:58 CET.
Flavor | Version | Tinstall | Tcheck | Ttotal | Status | Flags |
---|---|---|---|---|---|---|
r-devel-linux-x86_64-debian-clang | 0.1.1 | 17.98 | 199.98 | 217.96 | OK | |
r-devel-linux-x86_64-debian-gcc | 0.1.1 | 12.10 | 126.53 | 138.63 | OK | |
r-devel-linux-x86_64-fedora-clang | 0.1.1 | 350.46 | NOTE | |||
r-devel-linux-x86_64-fedora-gcc | 0.1.1 | 363.81 | NOTE | |||
r-devel-macos-arm64 | 0.1.1 | 101.00 | OK | |||
r-devel-macos-x86_64 | 0.1.1 | 200.00 | OK | |||
r-devel-windows-x86_64 | 0.1.1 | 18.00 | 180.00 | 198.00 | OK | |
r-patched-linux-x86_64 | 0.1.1 | 16.54 | 185.40 | 201.94 | NOTE | |
r-release-linux-x86_64 | 0.1.1 | 15.35 | 187.13 | 202.48 | NOTE | |
r-release-macos-arm64 | 0.1.1 | 90.00 | NOTE | |||
r-release-macos-x86_64 | 0.1.1 | 146.00 | NOTE | |||
r-release-windows-x86_64 | 0.1.1 | 18.00 | 180.00 | 198.00 | NOTE | |
r-oldrel-macos-arm64 | 0.1.1 | 98.00 | NOTE | |||
r-oldrel-macos-x86_64 | 0.1.1 | 161.00 | NOTE | |||
r-oldrel-windows-x86_64 | 0.1.1 | 22.00 | 227.00 | 249.00 | NOTE |
Version: 0.1.1
Check: dependencies in R code
Result: NOTE
Namespaces in Imports field not imported from:
‘MASS’ ‘grid’
All declared Imports should be used.
Flavors: r-devel-linux-x86_64-fedora-clang, r-devel-linux-x86_64-fedora-gcc
Version: 0.1.1
Check: LazyData
Result: NOTE
'LazyData' is specified without a 'data' directory
Flavors: r-patched-linux-x86_64, r-release-linux-x86_64, r-release-macos-arm64, r-release-macos-x86_64, r-release-windows-x86_64, r-oldrel-macos-arm64, r-oldrel-macos-x86_64, r-oldrel-windows-x86_64
These binaries (installable software) and packages are in development.
They may not be fully stable and should be used with caution. We make no claims about them.