CRAN Package Check Results for Package SimDesign

Last updated on 2025-05-08 04:52:19 CEST.

Flavor Version Tinstall Tcheck Ttotal Status Flags
r-devel-linux-x86_64-debian-clang 2.19.2 14.40 130.17 144.57 OK
r-devel-linux-x86_64-debian-gcc 2.19.2 8.48 90.60 99.08 OK
r-devel-linux-x86_64-fedora-clang 2.19.2 238.85 OK
r-devel-linux-x86_64-fedora-gcc 2.19.2 241.31 OK
r-devel-windows-x86_64 2.19.2 16.00 159.00 175.00 OK
r-patched-linux-x86_64 2.19.2 15.24 120.30 135.54 OK
r-release-linux-x86_64 2.19.2 11.74 120.91 132.65 OK
r-release-macos-arm64 2.19.2 95.00 OK
r-release-macos-x86_64 2.19.2 137.00 OK
r-release-windows-x86_64 2.19.2 18.00 239.00 257.00 OK
r-oldrel-macos-arm64 2.19.2 74.00 NOTE
r-oldrel-macos-x86_64 2.19.2 123.00 NOTE
r-oldrel-windows-x86_64 2.19.2 21.00 199.00 220.00 NOTE

Check Details

Version: 2.19.2
Check: installed package size
Result: NOTE installed size is 7.4Mb sub-directories of 1Mb or more: doc 6.6Mb Flavors: r-oldrel-macos-arm64, r-oldrel-macos-x86_64, r-oldrel-windows-x86_64

These binaries (installable software) and packages are in development.
They may not be fully stable and should be used with caution. We make no claims about them.