CRAN Package Check Results for Package SimDesign

Last updated on 2025-07-24 03:50:12 CEST.

Flavor Version Tinstall Tcheck Ttotal Status Flags
r-devel-linux-x86_64-debian-clang 2.20.0 14.16 130.41 144.57 OK
r-devel-linux-x86_64-debian-gcc 2.20.0 8.72 93.46 102.18 OK
r-devel-linux-x86_64-fedora-clang 2.20.0 238.29 OK
r-devel-linux-x86_64-fedora-gcc 2.20.0 228.79 OK
r-devel-windows-x86_64 2.20.0 17.00 156.00 173.00 OK
r-patched-linux-x86_64 2.20.0 16.27 124.18 140.45 OK
r-release-linux-x86_64 2.20.0 12.73 124.15 136.88 OK
r-release-macos-arm64 2.20.0 65.00 OK
r-release-macos-x86_64 2.20.0 140.00 OK
r-release-windows-x86_64 2.20.0 17.00 158.00 175.00 OK
r-oldrel-macos-arm64 2.20.0 69.00 NOTE
r-oldrel-macos-x86_64 2.20.0 135.00 NOTE
r-oldrel-windows-x86_64 2.20.0 22.00 200.00 222.00 NOTE

Check Details

Version: 2.20.0
Check: installed package size
Result: NOTE installed size is 7.3Mb sub-directories of 1Mb or more: doc 6.5Mb Flavors: r-oldrel-macos-arm64, r-oldrel-macos-x86_64, r-oldrel-windows-x86_64

These binaries (installable software) and packages are in development.
They may not be fully stable and should be used with caution. We make no claims about them.