Last updated on 2024-07-27 15:50:34 CEST.
Flavor | Version | Tinstall | Tcheck | Ttotal | Status | Flags |
---|---|---|---|---|---|---|
r-devel-linux-x86_64-debian-clang | 2.16 | 17.73 | 158.75 | 176.48 | OK | |
r-devel-linux-x86_64-debian-gcc | 2.16 | OK | ||||
r-devel-linux-x86_64-fedora-clang | 2.16 | 205.13 | NOTE | |||
r-devel-linux-x86_64-fedora-gcc | 2.16 | 215.30 | OK | |||
r-devel-windows-x86_64 | 2.16 | 18.00 | 150.00 | 168.00 | NOTE | |
r-patched-linux-x86_64 | 2.16 | OK | ||||
r-release-linux-x86_64 | 2.16 | 15.79 | 148.35 | 164.14 | OK | |
r-release-macos-arm64 | 2.16 | 76.00 | NOTE | |||
r-release-macos-x86_64 | 2.16 | 197.00 | NOTE | |||
r-release-windows-x86_64 | 2.16 | 15.00 | 147.00 | 162.00 | NOTE | |
r-oldrel-macos-arm64 | 2.16 | 84.00 | ERROR | |||
r-oldrel-macos-x86_64 | 2.16 | 163.00 | ERROR | |||
r-oldrel-windows-x86_64 | 2.16 | 19.00 | 184.00 | 203.00 | NOTE |
Version: 2.16
Check: installed package size
Result: NOTE
installed size is 7.3Mb
sub-directories of 1Mb or more:
doc 6.5Mb
Flavors: r-devel-linux-x86_64-fedora-clang, r-devel-windows-x86_64, r-release-macos-arm64, r-release-macos-x86_64, r-release-windows-x86_64, r-oldrel-macos-arm64, r-oldrel-macos-x86_64, r-oldrel-windows-x86_64
Version: 2.16
Check: running R code from vignettes
Result: ERROR
Errors in running code in vignettes:
when running code in ‘Catch_errors.Rmd’
...
> out2
[1] 1
> set.seed(7)
> out3 <- manageWarnings(myfun(), warning2error = "This warning is serious")
When sourcing ‘Catch_errors.R’:
Error: This warning is serious
Execution halted
‘Catch_errors.Rmd’ using ‘UTF-8’... failed
‘Fixed_obj_fun.Rmd’ using ‘UTF-8’... [1s/2s] OK
‘HPC-computing.Rmd’ using ‘UTF-8’... [1s/1s] OK
‘MultipleAnalyses.Rmd’ using ‘UTF-8’... [1s/1s] OK
‘Parallel-computing.Rmd’ using ‘UTF-8’... [0s/0s] OK
‘Saving-results.Rmd’ using ‘UTF-8’... [3s/3s] OK
‘SimDesign-intro.Rmd’ using ‘UTF-8’... [3s/3s] OK
Flavor: r-oldrel-macos-arm64
Version: 2.16
Check: running R code from vignettes
Result: ERROR
Errors in running code in vignettes:
when running code in ‘Catch_errors.Rmd’
...
> out2
[1] 1
> set.seed(7)
> out3 <- manageWarnings(myfun(), warning2error = "This warning is serious")
When sourcing ‘Catch_errors.R’:
Error: This warning is serious
Execution halted
‘Catch_errors.Rmd’ using ‘UTF-8’... failed
‘Fixed_obj_fun.Rmd’ using ‘UTF-8’... [2s/4s] OK
‘HPC-computing.Rmd’ using ‘UTF-8’... [1s/2s] OK
‘MultipleAnalyses.Rmd’ using ‘UTF-8’... [1s/2s] OK
‘Parallel-computing.Rmd’ using ‘UTF-8’... [0s/0s] OK
‘Saving-results.Rmd’ using ‘UTF-8’... [4s/5s] OK
‘SimDesign-intro.Rmd’ using ‘UTF-8’... [4s/6s] OK
Flavor: r-oldrel-macos-x86_64
These binaries (installable software) and packages are in development.
They may not be fully stable and should be used with caution. We make no claims about them.