Last updated on 2025-11-14 05:51:15 CET.
| Flavor | Version | Tinstall | Tcheck | Ttotal | Status | Flags |
|---|---|---|---|---|---|---|
| r-devel-linux-x86_64-debian-clang | 9.8.1 | 22.81 | 231.37 | 254.18 | OK | |
| r-devel-linux-x86_64-debian-gcc | 9.8.1 | 19.68 | 170.99 | 190.67 | OK | |
| r-devel-linux-x86_64-fedora-clang | 10.0.0 | 103.00 | 337.97 | 440.97 | OK | |
| r-devel-linux-x86_64-fedora-gcc | 10.0.0 | 48.00 | 374.54 | 422.54 | OK | |
| r-devel-windows-x86_64 | 9.8.1 | 35.00 | 276.00 | 311.00 | OK | |
| r-patched-linux-x86_64 | 9.8.1 | 26.97 | 220.27 | 247.24 | OK | |
| r-release-linux-x86_64 | 9.8.1 | 25.65 | 220.13 | 245.78 | OK | |
| r-release-macos-arm64 | 10.0.0 | 19.00 | 115.00 | 134.00 | OK | |
| r-release-macos-x86_64 | 10.0.0 | 52.00 | 267.00 | 319.00 | OK | |
| r-release-windows-x86_64 | 9.8.1 | 36.00 | 271.00 | 307.00 | OK | |
| r-oldrel-macos-arm64 | 10.0.0 | 18.00 | 118.00 | 136.00 | NOTE | |
| r-oldrel-macos-x86_64 | 10.0.0 | 49.00 | 320.00 | 369.00 | NOTE | |
| r-oldrel-windows-x86_64 | 9.8.1 | 44.00 | 339.00 | 383.00 | OK |
Version: 10.0.0
Check: installed package size
Result: NOTE
installed size is 6.9Mb
sub-directories of 1Mb or more:
data 1.9Mb
doc 1.1Mb
libs 2.8Mb
Flavors: r-oldrel-macos-arm64, r-oldrel-macos-x86_64
These binaries (installable software) and packages are in development.
They may not be fully stable and should be used with caution. We make no claims about them.